[INFO] cloning repository https://github.com/nreihidd/ds
[INFO] running `Command { std: "git" "-c" "credential.helper=" "-c" "credential.helper=/workspace/cargo-home/bin/git-credential-null" "clone" "--bare" "https://github.com/nreihidd/ds" "/workspace/cache/git-repos/https%3A%2F%2Fgithub.com%2Fnreihidd%2Fds", kill_on_drop: false }`
[INFO] [stderr] Cloning into bare repository '/workspace/cache/git-repos/https%3A%2F%2Fgithub.com%2Fnreihidd%2Fds'...
[INFO] running `Command { std: "git" "rev-parse" "HEAD", kill_on_drop: false }`
[INFO] [stdout] 51ef068243cd78451dcc268228567d7ee4bf1e39
[INFO] checking nreihidd/ds against master#af3c6e733a40e671550e0f0f5aeecaa13772ba56 for pr-74989
[INFO] running `Command { std: "git" "clone" "/workspace/cache/git-repos/https%3A%2F%2Fgithub.com%2Fnreihidd%2Fds" "/workspace/builds/worker-9/source", kill_on_drop: false }`
[INFO] [stderr] Cloning into '/workspace/builds/worker-9/source'...
[INFO] [stderr] done.
[INFO] validating manifest of git repo https://github.com/nreihidd/ds on toolchain af3c6e733a40e671550e0f0f5aeecaa13772ba56
[INFO] running `Command { std: "/workspace/cargo-home/bin/cargo" "+af3c6e733a40e671550e0f0f5aeecaa13772ba56" "read-manifest" "--manifest-path" "Cargo.toml", kill_on_drop: false }`
[INFO] started tweaking git repo https://github.com/nreihidd/ds
[INFO] finished tweaking git repo https://github.com/nreihidd/ds
[INFO] tweaked toml for git repo https://github.com/nreihidd/ds written to /workspace/builds/worker-9/source/Cargo.toml
[INFO] crate git repo https://github.com/nreihidd/ds already has a lockfile, it will not be regenerated
[INFO] running `Command { std: "/workspace/cargo-home/bin/cargo" "+af3c6e733a40e671550e0f0f5aeecaa13772ba56" "fetch" "--locked" "--manifest-path" "Cargo.toml", kill_on_drop: false }`
[INFO] [stderr] error: the lock file /workspace/builds/worker-9/source/Cargo.lock needs to be updated but --locked was passed to prevent this
[INFO] [stderr] If you want to try to generate the lock file without accessing the network, use the --offline flag.
[INFO] the lockfile is outdated, regenerating it
[INFO] running `Command { std: "/workspace/cargo-home/bin/cargo" "+af3c6e733a40e671550e0f0f5aeecaa13772ba56" "generate-lockfile" "--manifest-path" "Cargo.toml" "-Zno-index-update", kill_on_drop: false }`
[INFO] running `Command { std: "/workspace/cargo-home/bin/cargo" "+af3c6e733a40e671550e0f0f5aeecaa13772ba56" "fetch" "--locked" "--manifest-path" "Cargo.toml", kill_on_drop: false }`
[INFO] running `Command { std: "docker" "create" "-v" "/var/lib/crater-agent-workspace/builds/worker-9/target:/opt/rustwide/target:rw,Z" "-v" "/var/lib/crater-agent-workspace/builds/worker-9/source:/opt/rustwide/workdir:ro,Z" "-v" "/var/lib/crater-agent-workspace/cargo-home:/opt/rustwide/cargo-home:ro,Z" "-v" "/var/lib/crater-agent-workspace/rustup-home:/opt/rustwide/rustup-home:ro,Z" "-e" "SOURCE_DIR=/opt/rustwide/workdir" "-e" "CARGO_TARGET_DIR=/opt/rustwide/target" "-e" "CARGO_HOME=/opt/rustwide/cargo-home" "-e" "RUSTUP_HOME=/opt/rustwide/rustup-home" "-w" "/opt/rustwide/workdir" "-m" "1610612736" "--user" "0:0" "--network" "none" "rustops/crates-build-env@sha256:d92eaeed33fa75130ca1ee6c8a01d1ffb62bac859dfdfb3450e3e5d1c0146529" "/opt/rustwide/cargo-home/bin/cargo" "+af3c6e733a40e671550e0f0f5aeecaa13772ba56" "metadata" "--no-deps" "--format-version=1", kill_on_drop: false }`
[INFO] [stdout] a1d333f231ffff6aec4118a822359e2bd69e5a011e0bd70fb04b20f2b75cfe8e
[INFO] [stderr] WARNING: Your kernel does not support swap limit capabilities or the cgroup is not mounted. Memory limited without swap.
[INFO] running `Command { std: "docker" "start" "-a" "a1d333f231ffff6aec4118a822359e2bd69e5a011e0bd70fb04b20f2b75cfe8e", kill_on_drop: false }`
[INFO] running `Command { std: "docker" "inspect" "a1d333f231ffff6aec4118a822359e2bd69e5a011e0bd70fb04b20f2b75cfe8e", kill_on_drop: false }`
[INFO] running `Command { std: "docker" "rm" "-f" "a1d333f231ffff6aec4118a822359e2bd69e5a011e0bd70fb04b20f2b75cfe8e", kill_on_drop: false }`
[INFO] [stdout] a1d333f231ffff6aec4118a822359e2bd69e5a011e0bd70fb04b20f2b75cfe8e
[INFO] running `Command { std: "docker" "create" "-v" "/var/lib/crater-agent-workspace/builds/worker-9/target:/opt/rustwide/target:rw,Z" "-v" "/var/lib/crater-agent-workspace/builds/worker-9/source:/opt/rustwide/workdir:ro,Z" "-v" "/var/lib/crater-agent-workspace/cargo-home:/opt/rustwide/cargo-home:ro,Z" "-v" "/var/lib/crater-agent-workspace/rustup-home:/opt/rustwide/rustup-home:ro,Z" "-e" "SOURCE_DIR=/opt/rustwide/workdir" "-e" "CARGO_TARGET_DIR=/opt/rustwide/target" "-e" "CARGO_INCREMENTAL=0" "-e" "RUST_BACKTRACE=full" "-e" "RUSTFLAGS=--cap-lints=forbid" "-e" "CARGO_HOME=/opt/rustwide/cargo-home" "-e" "RUSTUP_HOME=/opt/rustwide/rustup-home" "-w" "/opt/rustwide/workdir" "-m" "1610612736" "--user" "0:0" "--network" "none" "rustops/crates-build-env@sha256:d92eaeed33fa75130ca1ee6c8a01d1ffb62bac859dfdfb3450e3e5d1c0146529" "/opt/rustwide/cargo-home/bin/cargo" "+af3c6e733a40e671550e0f0f5aeecaa13772ba56" "check" "--frozen" "--all" "--all-targets" "--message-format=json", kill_on_drop: false }`
[INFO] [stderr] WARNING: Your kernel does not support swap limit capabilities or the cgroup is not mounted. Memory limited without swap.
[INFO] [stdout] 86ab9cc6a6777e42c197478d79c22c585e2060bdb7eb0ebba426ee9a7be2703d
[INFO] running `Command { std: "docker" "start" "-a" "86ab9cc6a6777e42c197478d79c22c585e2060bdb7eb0ebba426ee9a7be2703d", kill_on_drop: false }`
[INFO] [stderr]    Compiling autocfg v1.0.1
[INFO] [stderr]    Compiling libc v0.2.77
[INFO] [stderr]     Checking cfg-if v0.1.10
[INFO] [stderr]    Compiling log v0.4.11
[INFO] [stderr]     Checking lazy_static v1.4.0
[INFO] [stderr]    Compiling xml-rs v0.8.3
[INFO] [stderr]    Compiling byteorder v1.3.4
[INFO] [stderr]    Compiling maybe-uninit v2.0.0
[INFO] [stderr]    Compiling bitflags v1.2.1
[INFO] [stderr]    Compiling proc-macro2 v0.4.30
[INFO] [stderr]    Compiling unicode-xid v0.1.0
[INFO] [stderr]     Checking scopeguard v1.1.0
[INFO] [stderr]    Compiling libloading v0.6.3
[INFO] [stderr]    Compiling nix v0.14.1
[INFO] [stderr]     Checking slab v0.4.2
[INFO] [stderr]     Checking void v1.0.2
[INFO] [stderr]    Compiling version_check v0.9.2
[INFO] [stderr]     Checking lazycell v1.3.0
[INFO] [stderr]    Compiling proc-macro-hack v0.5.18
[INFO] [stderr]    Compiling proc-macro2 v1.0.21
[INFO] [stderr]    Compiling pkg-config v0.3.18
[INFO] [stderr]    Compiling getrandom v0.1.15
[INFO] [stderr]     Checking downcast-rs v1.2.0
[INFO] [stderr]     Checking same-file v1.0.6
[INFO] [stderr]    Compiling unicode-xid v0.2.1
[INFO] [stderr]    Compiling syn v1.0.41
[INFO] [stderr]     Checking smallvec v1.4.2
[INFO] [stderr]     Checking xdg v2.2.0
[INFO] [stderr]    Compiling typenum v1.12.0
[INFO] [stderr]     Checking ppv-lite86 v0.2.9
[INFO] [stderr]    Compiling crc32fast v1.2.0
[INFO] [stderr]     Checking gimli v0.22.0
[INFO] [stderr]     Checking adler v0.2.3
[INFO] [stderr]    Compiling const_fn v0.4.2
[INFO] [stderr]     Checking instant v0.1.6
[INFO] [stderr]     Checking percent-encoding v2.1.0
[INFO] [stderr]     Checking lzw v0.10.0
[INFO] [stderr]     Checking rawpointer v0.2.1
[INFO] [stderr]     Checking ttf-parser v0.6.2
[INFO] [stderr]     Checking color_quant v1.0.1
[INFO] [stderr]     Checking rustc-demangle v0.1.16
[INFO] [stderr]     Checking object v0.20.0
[INFO] [stderr]     Checking bytemuck v1.4.1
[INFO] [stderr]     Checking takeable-option v0.5.0
[INFO] [stderr]     Checking fnv v1.0.7
[INFO] [stderr]     Checking scoped_threadpool v0.1.9
[INFO] [stderr]     Checking ab_glyph_rasterizer v0.1.3
[INFO] [stderr]     Checking lazy_static v0.2.11
[INFO] [stderr]     Checking lock_api v0.3.4
[INFO] [stderr]     Checking walkdir v2.3.1
[INFO] [stderr]    Compiling libloading v0.5.2
[INFO] [stderr]     Checking miniz_oxide v0.3.7
[INFO] [stderr]    Compiling standback v0.2.10
[INFO] [stderr]    Compiling time v0.2.19
[INFO] [stderr]    Compiling num-traits v0.2.12
[INFO] [stderr]    Compiling crossbeam-utils v0.7.2
[INFO] [stderr]    Compiling memoffset v0.5.5
[INFO] [stderr]    Compiling num-integer v0.1.43
[INFO] [stderr]    Compiling crossbeam-epoch v0.8.2
[INFO] [stderr]    Compiling num-complex v0.2.4
[INFO] [stderr]    Compiling rayon v1.4.0
[INFO] [stderr]    Compiling miniz_oxide v0.4.2
[INFO] [stderr]    Compiling num-iter v0.1.41
[INFO] [stderr]    Compiling num-rational v0.3.0
[INFO] [stderr]    Compiling num-rational v0.2.4
[INFO] [stderr]     Checking matrixmultiply v0.2.3
[INFO] [stderr]     Checking gif v0.10.3
[INFO] [stderr]    Compiling x11-dl v2.18.5
[INFO] [stderr]    Compiling paste-impl v0.1.18
[INFO] [stderr]     Checking dlib v0.4.2
[INFO] [stderr]    Compiling gl_generator v0.14.0
[INFO] [stderr]     Checking stb_truetype v0.3.1
[INFO] [stderr]     Checking deflate v0.8.6
[INFO] [stderr]     Checking tiff v0.5.0
[INFO] [stderr]     Checking wayland-sys v0.23.6
[INFO] [stderr]     Checking owned_ttf_parser v0.6.0
[INFO] [stderr]    Compiling quote v1.0.7
[INFO] [stderr]    Compiling quote v0.6.13
[INFO] [stderr]     Checking net2 v0.2.35
[INFO] [stderr]     Checking iovec v0.1.4
[INFO] [stderr]     Checking parking_lot_core v0.7.2
[INFO] [stderr]     Checking memmap v0.7.0
[INFO] [stderr]     Checking num_cpus v1.13.0
[INFO] [stderr]     Checking shared_library v0.1.9
[INFO] [stderr]     Checking raw-window-handle v0.3.3
[INFO] [stderr]     Checking crossbeam-channel v0.4.4
[INFO] [stderr]     Checking rusttype v0.9.2
[INFO] [stderr]     Checking png v0.16.7
[INFO] [stderr]    Compiling wayland-scanner v0.23.6
[INFO] [stderr]     Checking mio v0.6.22
[INFO] [stderr]     Checking generic-array v0.13.2
[INFO] [stderr]     Checking paste v0.1.18
[INFO] [stderr]     Checking rand_core v0.5.1
[INFO] [stderr]     Checking osmesa-sys v0.1.2
[INFO] [stderr]     Checking parking_lot v0.10.2
[INFO] [stderr]     Checking approx v0.3.2
[INFO] [stderr]     Checking ordered-float v1.1.0
[INFO] [stderr]     Checking line_drawing v0.7.0
[INFO] [stderr]     Checking crossbeam-deque v0.7.3
[INFO] [stderr]     Checking rand_chacha v0.2.2
[INFO] [stderr]     Checking rusttype v0.8.3
[INFO] [stderr]     Checking addr2line v0.13.0
[INFO] [stderr]    Compiling glutin_egl_sys v0.1.5
[INFO] [stderr]    Compiling glutin_glx_sys v0.1.7
[INFO] [stderr]    Compiling glium v0.27.0
[INFO] [stderr]     Checking rand v0.7.3
[INFO] [stderr]     Checking rayon-core v1.8.0
[INFO] [stderr]     Checking mio-extras v2.0.6
[INFO] [stderr]     Checking rusttype v0.7.9
[INFO] [stderr]     Checking backtrace v0.3.50
[INFO] [stderr]     Checking andrew v0.2.1
[INFO] [stderr]     Checking simba v0.2.0
[INFO] [stderr]     Checking rand_distr v0.2.2
[INFO] [stderr]    Compiling wayland-client v0.23.6
[INFO] [stderr]    Compiling wayland-protocols v0.23.6
[INFO] [stderr]     Checking nalgebra v0.22.0
[INFO] [stderr]     Checking calloop v0.4.4
[INFO] [stderr]     Checking wayland-commons v0.23.6
[INFO] [stderr]     Checking jpeg-decoder v0.1.20
[INFO] [stderr]     Checking image v0.23.9
[INFO] [stderr]    Compiling time-macros-impl v0.1.1
[INFO] [stderr]     Checking time-macros v0.1.0
[INFO] [stderr]     Checking smithay-client-toolkit v0.6.6
[INFO] [stderr]     Checking winit v0.22.2
[INFO] [stderr]     Checking glutin v0.24.1
[INFO] [stderr]     Checking ds v0.1.0 (/opt/rustwide/workdir)
[INFO] [stdout] error[E0432]: unresolved import `rusttype::FontCollection`
[INFO] [stdout]   --> src/main.rs:10:22
[INFO] [stdout]    |
[INFO] [stdout] 10 | use rusttype::{Font, FontCollection};
[INFO] [stdout]    |                      ^^^^^^^^^^^^^^ no `FontCollection` in the root
[INFO] [stdout] 
[INFO] [stdout] 
[INFO] [stdout] error[E0432]: unresolved import `rusttype::FontCollection`
[INFO] [stdout]   --> src/main.rs:10:22
[INFO] [stdout]    |
[INFO] [stdout] 10 | use rusttype::{Font, FontCollection};
[INFO] [stdout]    |                      ^^^^^^^^^^^^^^ no `FontCollection` in the root
[INFO] [stdout] 
[INFO] [stdout] 
[INFO] [stdout] error[E0432]: unresolved imports `na::Diagonal`, `na::ToHomogeneous`
[INFO] [stdout]  --> src/render.rs:1:37
[INFO] [stdout]   |
[INFO] [stdout] 1 | use na::{Matrix4, Vector2, Vector4, Diagonal, Isometry3, Vector3, ToHomogeneous};
[INFO] [stdout]   |                                     ^^^^^^^^                      ^^^^^^^^^^^^^ no `ToHomogeneous` in the root
[INFO] [stdout]   |                                     |
[INFO] [stdout]   |                                     no `Diagonal` in the root
[INFO] [stdout] 
[INFO] [stdout] 
[INFO] [stdout] error[E0432]: unresolved import `rusttype::gpu_cache`
[INFO] [stdout]  --> src/render.rs:9:15
[INFO] [stdout]   |
[INFO] [stdout] 9 | use rusttype::gpu_cache::{Cache};
[INFO] [stdout]   |               ^^^^^^^^^ could not find `gpu_cache` in `rusttype`
[INFO] [stdout] 
[INFO] [stdout] 
[INFO] [stdout] error[E0432]: unresolved import `na::Inverse`
[INFO] [stdout]    --> src/main.rs:522:9
[INFO] [stdout]     |
[INFO] [stdout] 522 |     use na::Inverse;
[INFO] [stdout]     |         ^^^^^^^^^^^ no `Inverse` in the root
[INFO] [stdout] 
[INFO] [stdout] 
[INFO] [stdout] error[E0432]: unresolved imports `na::Diagonal`, `na::ToHomogeneous`
[INFO] [stdout]  --> src/render.rs:1:37
[INFO] [stdout]   |
[INFO] [stdout] 1 | use na::{Matrix4, Vector2, Vector4, Diagonal, Isometry3, Vector3, ToHomogeneous};
[INFO] [stdout]   |                                     ^^^^^^^^                      ^^^^^^^^^^^^^ no `ToHomogeneous` in the root
[INFO] [stdout]   |                                     |
[INFO] [stdout]   |                                     no `Diagonal` in the root
[INFO] [stdout] 
[INFO] [stdout] 
[INFO] [stdout] error[E0432]: unresolved import `glium::glutin::VirtualKeyCode`
[INFO] [stdout]    --> src/main.rs:551:9
[INFO] [stdout]     |
[INFO] [stdout] 551 |     use glium::glutin::VirtualKeyCode as VK;
[INFO] [stdout]     |         ^^^^^^^^^^^^^^^^^^^^^^^^^^^^^^^^^^^ no `VirtualKeyCode` in `glutin`
[INFO] [stdout] 
[INFO] [stdout] 
[INFO] [stdout] error[E0432]: unresolved import `glium::DisplayBuild`
[INFO] [stdout]    --> src/main.rs:552:9
[INFO] [stdout]     |
[INFO] [stdout] 552 |     use glium::DisplayBuild;
[INFO] [stdout]     |         ^^^^^^^^^^^^^^^^^^^ no `DisplayBuild` in the root
[INFO] [stdout] 
[INFO] [stdout] 
[INFO] [stdout] error[E0432]: unresolved import `rusttype::gpu_cache`
[INFO] [stdout]  --> src/render.rs:9:15
[INFO] [stdout]   |
[INFO] [stdout] 9 | use rusttype::gpu_cache::{Cache};
[INFO] [stdout]   |               ^^^^^^^^^ could not find `gpu_cache` in `rusttype`
[INFO] [stdout] 
[INFO] [stdout] 
[INFO] [stdout] error[E0432]: unresolved import `na::Inverse`
[INFO] [stdout]    --> src/main.rs:522:9
[INFO] [stdout]     |
[INFO] [stdout] 522 |     use na::Inverse;
[INFO] [stdout]     |         ^^^^^^^^^^^ no `Inverse` in the root
[INFO] [stdout] 
[INFO] [stdout] 
[INFO] [stdout] error[E0432]: unresolved import `glium::glutin::VirtualKeyCode`
[INFO] [stdout]    --> src/main.rs:551:9
[INFO] [stdout]     |
[INFO] [stdout] 551 |     use glium::glutin::VirtualKeyCode as VK;
[INFO] [stdout]     |         ^^^^^^^^^^^^^^^^^^^^^^^^^^^^^^^^^^^ no `VirtualKeyCode` in `glutin`
[INFO] [stdout] 
[INFO] [stdout] 
[INFO] [stdout] error[E0432]: unresolved import `glium::DisplayBuild`
[INFO] [stdout]    --> src/main.rs:552:9
[INFO] [stdout]     |
[INFO] [stdout] 552 |     use glium::DisplayBuild;
[INFO] [stdout]     |         ^^^^^^^^^^^^^^^^^^^ no `DisplayBuild` in the root
[INFO] [stdout] 
[INFO] [stdout] 
[INFO] [stdout] error[E0433]: failed to resolve: could not find `Eye` in `na`
[INFO] [stdout]    --> src/render.rs:124:48
[INFO] [stdout]     |
[INFO] [stdout] 124 |         let mut batch = self.batch(frame, &na::Eye::new_identity(4));
[INFO] [stdout]     |                                                ^^^ could not find `Eye` in `na`
[INFO] [stdout] 
[INFO] [stdout] 
[INFO] [stdout] error[E0433]: failed to resolve: could not find `Eye` in `na`
[INFO] [stdout]    --> src/render.rs:124:48
[INFO] [stdout]     |
[INFO] [stdout] 124 |         let mut batch = self.batch(frame, &na::Eye::new_identity(4));
[INFO] [stdout]     |                                                ^^^ could not find `Eye` in `na`
[INFO] [stdout] 
[INFO] [stdout] 
[INFO] [stdout] error[E0433]: failed to resolve: could not find `Eye` in `na`
[INFO] [stdout]    --> src/main.rs:611:49
[INFO] [stdout]     |
[INFO] [stdout] 611 |     let mut world_to_gl: na::Matrix4<f32> = na::Eye::new_identity(4);
[INFO] [stdout]     |                                                 ^^^ could not find `Eye` in `na`
[INFO] [stdout] 
[INFO] [stdout] 
[INFO] [stdout] error[E0433]: failed to resolve: could not find `Eye` in `na`
[INFO] [stdout]    --> src/main.rs:612:50
[INFO] [stdout]     |
[INFO] [stdout] 612 |     let mut window_to_gl: na::Matrix4<f32> = na::Eye::new_identity(4);
[INFO] [stdout]     |                                                  ^^^ could not find `Eye` in `na`
[INFO] [stdout] 
[INFO] [stdout] 
[INFO] [stdout] error[E0433]: failed to resolve: could not find `Event` in `glutin`
[INFO] [stdout]    --> src/main.rs:650:20
[INFO] [stdout]     |
[INFO] [stdout] 650 |                 glium::glutin::Event::Closed => break 'outer,
[INFO] [stdout]     |                                ^^^^^ could not find `Event` in `glutin`
[INFO] [stdout] 
[INFO] [stdout] 
[INFO] [stdout] error[E0433]: failed to resolve: could not find `Eye` in `na`
[INFO] [stdout]    --> src/main.rs:611:49
[INFO] [stdout]     |
[INFO] [stdout] 611 |     let mut world_to_gl: na::Matrix4<f32> = na::Eye::new_identity(4);
[INFO] [stdout]     |                                                 ^^^ could not find `Eye` in `na`
[INFO] [stdout] 
[INFO] [stdout] 
[INFO] [stdout] error[E0433]: failed to resolve: could not find `Event` in `glutin`
[INFO] [stdout]    --> src/main.rs:651:32
[INFO] [stdout]     |
[INFO] [stdout] 651 |                 glium::glutin::Event::KeyboardInput(glium::glutin::ElementState::Released, _, Some(key)) => {
[INFO] [stdout]     |                                ^^^^^ could not find `Event` in `glutin`
[INFO] [stdout] 
[INFO] [stdout] 
[INFO] [stdout] error[E0433]: failed to resolve: could not find `ElementState` in `glutin`
[INFO] [stdout]    --> src/main.rs:651:68
[INFO] [stdout]     |
[INFO] [stdout] 651 |                 glium::glutin::Event::KeyboardInput(glium::glutin::ElementState::Released, _, Some(key)) => {
[INFO] [stdout]     |                                                                    ^^^^^^^^^^^^ could not find `ElementState` in `glutin`
[INFO] [stdout] 
[INFO] [stdout] 
[INFO] [stdout] error[E0433]: failed to resolve: could not find `Event` in `glutin`
[INFO] [stdout]    --> src/main.rs:657:32
[INFO] [stdout]     |
[INFO] [stdout] 657 |                 glium::glutin::Event::ReceivedCharacter(c) if text_entry => {
[INFO] [stdout]     |                                ^^^^^ could not find `Event` in `glutin`
[INFO] [stdout] 
[INFO] [stdout] 
[INFO] [stdout] error[E0433]: failed to resolve: could not find `Event` in `glutin`
[INFO] [stdout]    --> src/main.rs:672:32
[INFO] [stdout]     |
[INFO] [stdout] 672 |                 glium::glutin::Event::ReceivedCharacter(c) if !text_entry => {
[INFO] [stdout]     |                                ^^^^^ could not find `Event` in `glutin`
[INFO] [stdout] 
[INFO] [stdout] 
[INFO] [stdout] error[E0433]: failed to resolve: could not find `Event` in `glutin`
[INFO] [stdout]    --> src/main.rs:684:32
[INFO] [stdout]     |
[INFO] [stdout] 684 |                 glium::glutin::Event::KeyboardInput(glium::glutin::ElementState::Pressed, _, Some(VK::Escape)) if text_entry => {
[INFO] [stdout]     |                                ^^^^^ could not find `Event` in `glutin`
[INFO] [stdout] 
[INFO] [stdout] 
[INFO] [stdout] error[E0433]: failed to resolve: could not find `ElementState` in `glutin`
[INFO] [stdout]    --> src/main.rs:684:68
[INFO] [stdout]     |
[INFO] [stdout] 684 |                 glium::glutin::Event::KeyboardInput(glium::glutin::ElementState::Pressed, _, Some(VK::Escape)) if text_entry => {
[INFO] [stdout]     |                                                                    ^^^^^^^^^^^^ could not find `ElementState` in `glutin`
[INFO] [stdout] 
[INFO] [stdout] 
[INFO] [stdout] error[E0433]: failed to resolve: could not find `Event` in `glutin`
[INFO] [stdout]    --> src/main.rs:687:32
[INFO] [stdout]     |
[INFO] [stdout] 687 |                 glium::glutin::Event::KeyboardInput(glium::glutin::ElementState::Pressed, _, Some(key)) if !text_entry => {
[INFO] [stdout]     |                                ^^^^^ could not find `Event` in `glutin`
[INFO] [stdout] 
[INFO] [stdout] 
[INFO] [stdout] error[E0433]: failed to resolve: could not find `ElementState` in `glutin`
[INFO] [stdout]    --> src/main.rs:687:68
[INFO] [stdout]     |
[INFO] [stdout] 687 |                 glium::glutin::Event::KeyboardInput(glium::glutin::ElementState::Pressed, _, Some(key)) if !text_entry => {
[INFO] [stdout]     |                                                                    ^^^^^^^^^^^^ could not find `ElementState` in `glutin`
[INFO] [stdout] 
[INFO] [stdout] 
[INFO] [stdout] error[E0433]: failed to resolve: could not find `Eye` in `na`
[INFO] [stdout]    --> src/main.rs:612:50
[INFO] [stdout]     |
[INFO] [stdout] 612 |     let mut window_to_gl: na::Matrix4<f32> = na::Eye::new_identity(4);
[INFO] [stdout]     |                                                  ^^^ could not find `Eye` in `na`
[INFO] [stdout] 
[INFO] [stdout] 
[INFO] [stdout] error[E0433]: failed to resolve: could not find `Event` in `glutin`
[INFO] [stdout]    --> src/main.rs:650:20
[INFO] [stdout]     |
[INFO] [stdout] 650 |                 glium::glutin::Event::Closed => break 'outer,
[INFO] [stdout]     |                                ^^^^^ could not find `Event` in `glutin`
[INFO] [stdout] 
[INFO] [stdout] 
[INFO] [stdout] error[E0433]: failed to resolve: could not find `Event` in `glutin`
[INFO] [stdout]    --> src/main.rs:651:32
[INFO] [stdout]     |
[INFO] [stdout] 651 |                 glium::glutin::Event::KeyboardInput(glium::glutin::ElementState::Released, _, Some(key)) => {
[INFO] [stdout]     |                                ^^^^^ could not find `Event` in `glutin`
[INFO] [stdout] 
[INFO] [stdout] 
[INFO] [stdout] error[E0433]: failed to resolve: could not find `ElementState` in `glutin`
[INFO] [stdout]    --> src/main.rs:651:68
[INFO] [stdout]     |
[INFO] [stdout] 651 |                 glium::glutin::Event::KeyboardInput(glium::glutin::ElementState::Released, _, Some(key)) => {
[INFO] [stdout]     |                                                                    ^^^^^^^^^^^^ could not find `ElementState` in `glutin`
[INFO] [stdout] 
[INFO] [stdout] 
[INFO] [stdout] error[E0433]: failed to resolve: could not find `Event` in `glutin`
[INFO] [stdout]    --> src/main.rs:889:32
[INFO] [stdout]     |
[INFO] [stdout] 889 |                 glium::glutin::Event::MouseMoved(x, y) => {
[INFO] [stdout]     |                                ^^^^^ could not find `Event` in `glutin`
[INFO] [stdout] 
[INFO] [stdout] 
[INFO] [stdout] error[E0433]: failed to resolve: could not find `Event` in `glutin`
[INFO] [stdout]    --> src/main.rs:657:32
[INFO] [stdout]     |
[INFO] [stdout] 657 |                 glium::glutin::Event::ReceivedCharacter(c) if text_entry => {
[INFO] [stdout]     |                                ^^^^^ could not find `Event` in `glutin`
[INFO] [stdout] 
[INFO] [stdout] 
[INFO] [stdout] error[E0433]: failed to resolve: could not find `Event` in `glutin`
[INFO] [stdout]    --> src/main.rs:672:32
[INFO] [stdout]     |
[INFO] [stdout] 672 |                 glium::glutin::Event::ReceivedCharacter(c) if !text_entry => {
[INFO] [stdout]     |                                ^^^^^ could not find `Event` in `glutin`
[INFO] [stdout] 
[INFO] [stdout] 
[INFO] [stdout] error[E0433]: failed to resolve: could not find `Event` in `glutin`
[INFO] [stdout]    --> src/main.rs:684:32
[INFO] [stdout]     |
[INFO] [stdout] 684 |                 glium::glutin::Event::KeyboardInput(glium::glutin::ElementState::Pressed, _, Some(VK::Escape)) if text_entry => {
[INFO] [stdout]     |                                ^^^^^ could not find `Event` in `glutin`
[INFO] [stdout] 
[INFO] [stdout] 
[INFO] [stdout] error[E0433]: failed to resolve: could not find `ElementState` in `glutin`
[INFO] [stdout]    --> src/main.rs:684:68
[INFO] [stdout]     |
[INFO] [stdout] 684 |                 glium::glutin::Event::KeyboardInput(glium::glutin::ElementState::Pressed, _, Some(VK::Escape)) if text_entry => {
[INFO] [stdout]     |                                                                    ^^^^^^^^^^^^ could not find `ElementState` in `glutin`
[INFO] [stdout] 
[INFO] [stdout] 
[INFO] [stdout] error[E0433]: failed to resolve: could not find `Event` in `glutin`
[INFO] [stdout]    --> src/main.rs:687:32
[INFO] [stdout]     |
[INFO] [stdout] 687 |                 glium::glutin::Event::KeyboardInput(glium::glutin::ElementState::Pressed, _, Some(key)) if !text_entry => {
[INFO] [stdout]     |                                ^^^^^ could not find `Event` in `glutin`
[INFO] [stdout] 
[INFO] [stdout] 
[INFO] [stdout] error[E0433]: failed to resolve: could not find `ElementState` in `glutin`
[INFO] [stdout]    --> src/main.rs:687:68
[INFO] [stdout]     |
[INFO] [stdout] 687 |                 glium::glutin::Event::KeyboardInput(glium::glutin::ElementState::Pressed, _, Some(key)) if !text_entry => {
[INFO] [stdout]     |                                                                    ^^^^^^^^^^^^ could not find `ElementState` in `glutin`
[INFO] [stdout] 
[INFO] [stdout] 
[INFO] [stdout] error[E0433]: failed to resolve: could not find `Event` in `glutin`
[INFO] [stdout]    --> src/main.rs:889:32
[INFO] [stdout]     |
[INFO] [stdout] 889 |                 glium::glutin::Event::MouseMoved(x, y) => {
[INFO] [stdout]     |                                ^^^^^ could not find `Event` in `glutin`
[INFO] [stdout] 
[INFO] [stdout] 
[INFO] [stdout] error[E0433]: failed to resolve: could not find `Event` in `glutin`
[INFO] [stdout]    --> src/main.rs:893:32
[INFO] [stdout]     |
[INFO] [stdout] 893 | ...   glium::glutin::Event::MouseInput(glium::glutin::ElementState::Pressed, glium::glutin::MouseButton::Right) if keys_held.contains(&VK...
[INFO] [stdout]     |                      ^^^^^ could not find `Event` in `glutin`
[INFO] [stdout] 
[INFO] [stdout] 
[INFO] [stdout] error[E0433]: failed to resolve: could not find `ElementState` in `glutin`
[INFO] [stdout]    --> src/main.rs:893:65
[INFO] [stdout]     |
[INFO] [stdout] 893 | ...   glium::glutin::Event::MouseInput(glium::glutin::ElementState::Pressed, glium::glutin::MouseButton::Right) if keys_held.contains(&VK...
[INFO] [stdout]     |                                                       ^^^^^^^^^^^^ could not find `ElementState` in `glutin`
[INFO] [stdout] 
[INFO] [stdout] 
[INFO] [stdout] error[E0433]: failed to resolve: could not find `MouseButton` in `glutin`
[INFO] [stdout]    --> src/main.rs:893:103
[INFO] [stdout]     |
[INFO] [stdout] 893 | ...n::ElementState::Pressed, glium::glutin::MouseButton::Right) if keys_held.contains(&VK::LControl) => {
[INFO] [stdout]     |                                             ^^^^^^^^^^^ could not find `MouseButton` in `glutin`
[INFO] [stdout] 
[INFO] [stdout] 
[INFO] [stdout] error[E0433]: failed to resolve: could not find `Event` in `glutin`
[INFO] [stdout]    --> src/main.rs:927:32
[INFO] [stdout]     |
[INFO] [stdout] 927 | ...   glium::glutin::Event::MouseInput(glium::glutin::ElementState::Released, glium::glutin::MouseButton::Right) if grab.is_some() => {
[INFO] [stdout]     |                      ^^^^^ could not find `Event` in `glutin`
[INFO] [stdout] 
[INFO] [stdout] 
[INFO] [stdout] error[E0433]: failed to resolve: could not find `ElementState` in `glutin`
[INFO] [stdout]    --> src/main.rs:927:65
[INFO] [stdout]     |
[INFO] [stdout] 927 | ...   glium::glutin::Event::MouseInput(glium::glutin::ElementState::Released, glium::glutin::MouseButton::Right) if grab.is_some() => {
[INFO] [stdout]     |                                                       ^^^^^^^^^^^^ could not find `ElementState` in `glutin`
[INFO] [stdout] 
[INFO] [stdout] 
[INFO] [stdout] error[E0433]: failed to resolve: could not find `MouseButton` in `glutin`
[INFO] [stdout]    --> src/main.rs:927:104
[INFO] [stdout]     |
[INFO] [stdout] 927 | ...::ElementState::Released, glium::glutin::MouseButton::Right) if grab.is_some() => {
[INFO] [stdout]     |                                             ^^^^^^^^^^^ could not find `MouseButton` in `glutin`
[INFO] [stdout] 
[INFO] [stdout] 
[INFO] [stdout] error[E0433]: failed to resolve: could not find `Event` in `glutin`
[INFO] [stdout]    --> src/main.rs:934:32
[INFO] [stdout]     |
[INFO] [stdout] 934 |                 glium::glutin::Event::MouseInput(glium::glutin::ElementState::Released, glium::glutin::MouseButton::Right) => {
[INFO] [stdout]     |                                ^^^^^ could not find `Event` in `glutin`
[INFO] [stdout] 
[INFO] [stdout] 
[INFO] [stdout] error[E0433]: failed to resolve: could not find `ElementState` in `glutin`
[INFO] [stdout]    --> src/main.rs:934:65
[INFO] [stdout]     |
[INFO] [stdout] 934 |                 glium::glutin::Event::MouseInput(glium::glutin::ElementState::Released, glium::glutin::MouseButton::Right) => {
[INFO] [stdout]     |                                                                 ^^^^^^^^^^^^ could not find `ElementState` in `glutin`
[INFO] [stdout] 
[INFO] [stdout] 
[INFO] [stdout] error[E0433]: failed to resolve: could not find `MouseButton` in `glutin`
[INFO] [stdout]    --> src/main.rs:934:104
[INFO] [stdout]     |
[INFO] [stdout] 934 |                 glium::glutin::Event::MouseInput(glium::glutin::ElementState::Released, glium::glutin::MouseButton::Right) => {
[INFO] [stdout]     |                                                                                                        ^^^^^^^^^^^ could not find `MouseButton` in `glutin`
[INFO] [stdout] 
[INFO] [stdout] 
[INFO] [stdout] error[E0433]: failed to resolve: could not find `Event` in `glutin`
[INFO] [stdout]    --> src/main.rs:946:32
[INFO] [stdout]     |
[INFO] [stdout] 946 |                 glium::glutin::Event::MouseInput(glium::glutin::ElementState::Released, glium::glutin::MouseButton::Left) => {
[INFO] [stdout]     |                                ^^^^^ could not find `Event` in `glutin`
[INFO] [stdout] 
[INFO] [stdout] 
[INFO] [stdout] error[E0433]: failed to resolve: could not find `ElementState` in `glutin`
[INFO] [stdout]    --> src/main.rs:946:65
[INFO] [stdout]     |
[INFO] [stdout] 946 |                 glium::glutin::Event::MouseInput(glium::glutin::ElementState::Released, glium::glutin::MouseButton::Left) => {
[INFO] [stdout]     |                                                                 ^^^^^^^^^^^^ could not find `ElementState` in `glutin`
[INFO] [stdout] 
[INFO] [stdout] 
[INFO] [stdout] error[E0433]: failed to resolve: could not find `MouseButton` in `glutin`
[INFO] [stdout]    --> src/main.rs:946:104
[INFO] [stdout]     |
[INFO] [stdout] 946 |                 glium::glutin::Event::MouseInput(glium::glutin::ElementState::Released, glium::glutin::MouseButton::Left) => {
[INFO] [stdout]     |                                                                                                        ^^^^^^^^^^^ could not find `MouseButton` in `glutin`
[INFO] [stdout] 
[INFO] [stdout] 
[INFO] [stdout] error[E0433]: failed to resolve: could not find `Event` in `glutin`
[INFO] [stdout]    --> src/main.rs:988:32
[INFO] [stdout]     |
[INFO] [stdout] 988 |                 glium::glutin::Event::MouseInput(glium::glutin::ElementState::Pressed, glium::glutin::MouseButton::Middle) => {
[INFO] [stdout]     |                                ^^^^^ could not find `Event` in `glutin`
[INFO] [stdout] 
[INFO] [stdout] 
[INFO] [stdout] error[E0433]: failed to resolve: could not find `ElementState` in `glutin`
[INFO] [stdout]    --> src/main.rs:988:65
[INFO] [stdout]     |
[INFO] [stdout] 988 |                 glium::glutin::Event::MouseInput(glium::glutin::ElementState::Pressed, glium::glutin::MouseButton::Middle) => {
[INFO] [stdout]     |                                                                 ^^^^^^^^^^^^ could not find `ElementState` in `glutin`
[INFO] [stdout] 
[INFO] [stdout] 
[INFO] [stdout] error[E0433]: failed to resolve: could not find `MouseButton` in `glutin`
[INFO] [stdout]    --> src/main.rs:988:103
[INFO] [stdout]     |
[INFO] [stdout] 988 |                 glium::glutin::Event::MouseInput(glium::glutin::ElementState::Pressed, glium::glutin::MouseButton::Middle) => {
[INFO] [stdout]     |                                                                                                       ^^^^^^^^^^^ could not find `MouseButton` in `glutin`
[INFO] [stdout] 
[INFO] [stdout] 
[INFO] [stdout] error[E0433]: failed to resolve: could not find `Event` in `glutin`
[INFO] [stdout]    --> src/main.rs:992:32
[INFO] [stdout]     |
[INFO] [stdout] 992 |                 glium::glutin::Event::MouseInput(glium::glutin::ElementState::Released, glium::glutin::MouseButton::Middle) => {
[INFO] [stdout]     |                                ^^^^^ could not find `Event` in `glutin`
[INFO] [stdout] 
[INFO] [stdout] 
[INFO] [stdout] error[E0433]: failed to resolve: could not find `ElementState` in `glutin`
[INFO] [stdout]    --> src/main.rs:992:65
[INFO] [stdout]     |
[INFO] [stdout] 992 |                 glium::glutin::Event::MouseInput(glium::glutin::ElementState::Released, glium::glutin::MouseButton::Middle) => {
[INFO] [stdout]     |                                                                 ^^^^^^^^^^^^ could not find `ElementState` in `glutin`
[INFO] [stdout] 
[INFO] [stdout] 
[INFO] [stdout] error[E0433]: failed to resolve: could not find `MouseButton` in `glutin`
[INFO] [stdout]    --> src/main.rs:992:104
[INFO] [stdout]     |
[INFO] [stdout] 992 |                 glium::glutin::Event::MouseInput(glium::glutin::ElementState::Released, glium::glutin::MouseButton::Middle) => {
[INFO] [stdout]     |                                                                                                        ^^^^^^^^^^^ could not find `MouseButton` in `glutin`
[INFO] [stdout] 
[INFO] [stdout] 
[INFO] [stdout] error[E0433]: failed to resolve: could not find `Event` in `glutin`
[INFO] [stdout]    --> src/main.rs:995:32
[INFO] [stdout]     |
[INFO] [stdout] 995 |                 glium::glutin::Event::MouseWheel(delta, _) => {
[INFO] [stdout]     |                                ^^^^^ could not find `Event` in `glutin`
[INFO] [stdout] 
[INFO] [stdout] 
[INFO] [stdout] error[E0433]: failed to resolve: could not find `MouseScrollDelta` in `glutin`
[INFO] [stdout]    --> src/main.rs:997:40
[INFO] [stdout]     |
[INFO] [stdout] 997 |                         glium::glutin::MouseScrollDelta::LineDelta(_x, y) | glium::glutin::MouseScrollDelta::PixelDelta(_x, y) => {
[INFO] [stdout]     |                                        ^^^^^^^^^^^^^^^^ could not find `MouseScrollDelta` in `glutin`
[INFO] [stdout] 
[INFO] [stdout] 
[INFO] [stdout] error[E0433]: failed to resolve: could not find `MouseScrollDelta` in `glutin`
[INFO] [stdout]    --> src/main.rs:997:92
[INFO] [stdout]     |
[INFO] [stdout] 997 |                         glium::glutin::MouseScrollDelta::LineDelta(_x, y) | glium::glutin::MouseScrollDelta::PixelDelta(_x, y) => {
[INFO] [stdout]     |                                                                                            ^^^^^^^^^^^^^^^^ could not find `MouseScrollDelta` in `glutin`
[INFO] [stdout] 
[INFO] [stdout] 
[INFO] [stdout] error[E0433]: failed to resolve: could not find `Event` in `glutin`
[INFO] [stdout]    --> src/main.rs:893:32
[INFO] [stdout]     |
[INFO] [stdout] 893 | ...   glium::glutin::Event::MouseInput(glium::glutin::ElementState::Pressed, glium::glutin::MouseButton::Right) if keys_held.contains(&VK...
[INFO] [stdout]     |                      ^^^^^ could not find `Event` in `glutin`
[INFO] [stdout] 
[INFO] [stdout] 
[INFO] [stdout] error[E0433]: failed to resolve: could not find `ElementState` in `glutin`
[INFO] [stdout]    --> src/main.rs:893:65
[INFO] [stdout]     |
[INFO] [stdout] 893 | ...   glium::glutin::Event::MouseInput(glium::glutin::ElementState::Pressed, glium::glutin::MouseButton::Right) if keys_held.contains(&VK...
[INFO] [stdout]     |                                                       ^^^^^^^^^^^^ could not find `ElementState` in `glutin`
[INFO] [stdout] 
[INFO] [stdout] 
[INFO] [stdout] error[E0433]: failed to resolve: could not find `MouseButton` in `glutin`
[INFO] [stdout]    --> src/main.rs:893:103
[INFO] [stdout]     |
[INFO] [stdout] 893 | ...n::ElementState::Pressed, glium::glutin::MouseButton::Right) if keys_held.contains(&VK::LControl) => {
[INFO] [stdout]     |                                             ^^^^^^^^^^^ could not find `MouseButton` in `glutin`
[INFO] [stdout] 
[INFO] [stdout] 
[INFO] [stdout] error[E0433]: failed to resolve: could not find `Event` in `glutin`
[INFO] [stdout]    --> src/main.rs:927:32
[INFO] [stdout]     |
[INFO] [stdout] 927 | ...   glium::glutin::Event::MouseInput(glium::glutin::ElementState::Released, glium::glutin::MouseButton::Right) if grab.is_some() => {
[INFO] [stdout]     |                      ^^^^^ could not find `Event` in `glutin`
[INFO] [stdout] 
[INFO] [stdout] 
[INFO] [stdout] error[E0433]: failed to resolve: could not find `ElementState` in `glutin`
[INFO] [stdout]    --> src/main.rs:927:65
[INFO] [stdout]     |
[INFO] [stdout] 927 | ...   glium::glutin::Event::MouseInput(glium::glutin::ElementState::Released, glium::glutin::MouseButton::Right) if grab.is_some() => {
[INFO] [stdout]     |                                                       ^^^^^^^^^^^^ could not find `ElementState` in `glutin`
[INFO] [stdout] 
[INFO] [stdout] 
[INFO] [stdout] error[E0433]: failed to resolve: could not find `MouseButton` in `glutin`
[INFO] [stdout]    --> src/main.rs:927:104
[INFO] [stdout]     |
[INFO] [stdout] 927 | ...::ElementState::Released, glium::glutin::MouseButton::Right) if grab.is_some() => {
[INFO] [stdout]     |                                             ^^^^^^^^^^^ could not find `MouseButton` in `glutin`
[INFO] [stdout] 
[INFO] [stdout] 
[INFO] [stdout] error[E0433]: failed to resolve: could not find `Event` in `glutin`
[INFO] [stdout]    --> src/main.rs:934:32
[INFO] [stdout]     |
[INFO] [stdout] 934 |                 glium::glutin::Event::MouseInput(glium::glutin::ElementState::Released, glium::glutin::MouseButton::Right) => {
[INFO] [stdout]     |                                ^^^^^ could not find `Event` in `glutin`
[INFO] [stdout] 
[INFO] [stdout] 
[INFO] [stdout] error[E0433]: failed to resolve: could not find `ElementState` in `glutin`
[INFO] [stdout]    --> src/main.rs:934:65
[INFO] [stdout]     |
[INFO] [stdout] 934 |                 glium::glutin::Event::MouseInput(glium::glutin::ElementState::Released, glium::glutin::MouseButton::Right) => {
[INFO] [stdout]     |                                                                 ^^^^^^^^^^^^ could not find `ElementState` in `glutin`
[INFO] [stdout] 
[INFO] [stdout] 
[INFO] [stdout] error[E0433]: failed to resolve: could not find `MouseButton` in `glutin`
[INFO] [stdout]    --> src/main.rs:934:104
[INFO] [stdout]     |
[INFO] [stdout] 934 |                 glium::glutin::Event::MouseInput(glium::glutin::ElementState::Released, glium::glutin::MouseButton::Right) => {
[INFO] [stdout]     |                                                                                                        ^^^^^^^^^^^ could not find `MouseButton` in `glutin`
[INFO] [stdout] 
[INFO] [stdout] 
[INFO] [stdout] error[E0433]: failed to resolve: could not find `Event` in `glutin`
[INFO] [stdout]    --> src/main.rs:946:32
[INFO] [stdout]     |
[INFO] [stdout] 946 |                 glium::glutin::Event::MouseInput(glium::glutin::ElementState::Released, glium::glutin::MouseButton::Left) => {
[INFO] [stdout]     |                                ^^^^^ could not find `Event` in `glutin`
[INFO] [stdout] 
[INFO] [stdout] 
[INFO] [stdout] error[E0433]: failed to resolve: could not find `ElementState` in `glutin`
[INFO] [stdout]    --> src/main.rs:946:65
[INFO] [stdout]     |
[INFO] [stdout] 946 |                 glium::glutin::Event::MouseInput(glium::glutin::ElementState::Released, glium::glutin::MouseButton::Left) => {
[INFO] [stdout]     |                                                                 ^^^^^^^^^^^^ could not find `ElementState` in `glutin`
[INFO] [stdout] 
[INFO] [stdout] 
[INFO] [stdout] error[E0433]: failed to resolve: could not find `MouseButton` in `glutin`
[INFO] [stdout]    --> src/main.rs:946:104
[INFO] [stdout]     |
[INFO] [stdout] 946 |                 glium::glutin::Event::MouseInput(glium::glutin::ElementState::Released, glium::glutin::MouseButton::Left) => {
[INFO] [stdout]     |                                                                                                        ^^^^^^^^^^^ could not find `MouseButton` in `glutin`
[INFO] [stdout] 
[INFO] [stdout] 
[INFO] [stdout] error[E0433]: failed to resolve: could not find `Event` in `glutin`
[INFO] [stdout]    --> src/main.rs:988:32
[INFO] [stdout]     |
[INFO] [stdout] 988 |                 glium::glutin::Event::MouseInput(glium::glutin::ElementState::Pressed, glium::glutin::MouseButton::Middle) => {
[INFO] [stdout]     |                                ^^^^^ could not find `Event` in `glutin`
[INFO] [stdout] 
[INFO] [stdout] 
[INFO] [stdout] error[E0433]: failed to resolve: could not find `ElementState` in `glutin`
[INFO] [stdout]    --> src/main.rs:988:65
[INFO] [stdout]     |
[INFO] [stdout] 988 |                 glium::glutin::Event::MouseInput(glium::glutin::ElementState::Pressed, glium::glutin::MouseButton::Middle) => {
[INFO] [stdout]     |                                                                 ^^^^^^^^^^^^ could not find `ElementState` in `glutin`
[INFO] [stdout] 
[INFO] [stdout] 
[INFO] [stdout] error[E0433]: failed to resolve: could not find `MouseButton` in `glutin`
[INFO] [stdout]    --> src/main.rs:988:103
[INFO] [stdout]     |
[INFO] [stdout] 988 |                 glium::glutin::Event::MouseInput(glium::glutin::ElementState::Pressed, glium::glutin::MouseButton::Middle) => {
[INFO] [stdout]     |                                                                                                       ^^^^^^^^^^^ could not find `MouseButton` in `glutin`
[INFO] [stdout] 
[INFO] [stdout] 
[INFO] [stdout] error[E0433]: failed to resolve: could not find `Event` in `glutin`
[INFO] [stdout]    --> src/main.rs:992:32
[INFO] [stdout]     |
[INFO] [stdout] 992 |                 glium::glutin::Event::MouseInput(glium::glutin::ElementState::Released, glium::glutin::MouseButton::Middle) => {
[INFO] [stdout]     |                                ^^^^^ could not find `Event` in `glutin`
[INFO] [stdout] 
[INFO] [stdout] 
[INFO] [stdout] error[E0433]: failed to resolve: could not find `ElementState` in `glutin`
[INFO] [stdout]    --> src/main.rs:992:65
[INFO] [stdout]     |
[INFO] [stdout] 992 |                 glium::glutin::Event::MouseInput(glium::glutin::ElementState::Released, glium::glutin::MouseButton::Middle) => {
[INFO] [stdout]     |                                                                 ^^^^^^^^^^^^ could not find `ElementState` in `glutin`
[INFO] [stdout] 
[INFO] [stdout] 
[INFO] [stdout] error[E0433]: failed to resolve: could not find `MouseButton` in `glutin`
[INFO] [stdout]    --> src/main.rs:992:104
[INFO] [stdout]     |
[INFO] [stdout] 992 |                 glium::glutin::Event::MouseInput(glium::glutin::ElementState::Released, glium::glutin::MouseButton::Middle) => {
[INFO] [stdout]     |                                                                                                        ^^^^^^^^^^^ could not find `MouseButton` in `glutin`
[INFO] [stdout] 
[INFO] [stdout] 
[INFO] [stdout] error[E0433]: failed to resolve: could not find `Event` in `glutin`
[INFO] [stdout]    --> src/main.rs:995:32
[INFO] [stdout]     |
[INFO] [stdout] 995 |                 glium::glutin::Event::MouseWheel(delta, _) => {
[INFO] [stdout]     |                                ^^^^^ could not find `Event` in `glutin`
[INFO] [stdout] 
[INFO] [stdout] 
[INFO] [stdout] error[E0433]: failed to resolve: could not find `MouseScrollDelta` in `glutin`
[INFO] [stdout]    --> src/main.rs:997:40
[INFO] [stdout]     |
[INFO] [stdout] 997 |                         glium::glutin::MouseScrollDelta::LineDelta(_x, y) | glium::glutin::MouseScrollDelta::PixelDelta(_x, y) => {
[INFO] [stdout]     |                                        ^^^^^^^^^^^^^^^^ could not find `MouseScrollDelta` in `glutin`
[INFO] [stdout] 
[INFO] [stdout] 
[INFO] [stdout] error[E0433]: failed to resolve: could not find `MouseScrollDelta` in `glutin`
[INFO] [stdout]    --> src/main.rs:997:92
[INFO] [stdout]     |
[INFO] [stdout] 997 |                         glium::glutin::MouseScrollDelta::LineDelta(_x, y) | glium::glutin::MouseScrollDelta::PixelDelta(_x, y) => {
[INFO] [stdout]     |                                                                                            ^^^^^^^^^^^^^^^^ could not find `MouseScrollDelta` in `glutin`
[INFO] [stdout] 
[INFO] [stdout] 
[INFO] [stdout] error[E0433]: failed to resolve: could not find `WindowBuilder` in `glutin`
[INFO] [stdout]    --> src/main.rs:557:34
[INFO] [stdout]     |
[INFO] [stdout] 557 |     let display = glium::glutin::WindowBuilder::new()
[INFO] [stdout]     |                                  ^^^^^^^^^^^^^ not found in `glium::glutin`
[INFO] [stdout]     |
[INFO] [stdout] help: consider importing this struct
[INFO] [stdout]     |
[INFO] [stdout] 10  | use glium::glutin::window::WindowBuilder;
[INFO] [stdout]     |
[INFO] [stdout] 
[INFO] [stdout] 
[INFO] [stdout] error[E0433]: failed to resolve: could not find `WindowBuilder` in `glutin`
[INFO] [stdout]    --> src/main.rs:557:34
[INFO] [stdout]     |
[INFO] [stdout] 557 |     let display = glium::glutin::WindowBuilder::new()
[INFO] [stdout]     |                                  ^^^^^^^^^^^^^ not found in `glium::glutin`
[INFO] [stdout]     |
[INFO] [stdout] help: consider importing this struct
[INFO] [stdout]     |
[INFO] [stdout] 10  | use glium::glutin::window::WindowBuilder;
[INFO] [stdout]     |
[INFO] [stdout] 
[INFO] [stdout] 
[INFO] [stdout] warning: use of deprecated macro `try`: use the `?` operator instead
[INFO] [stdout]   --> src/main.rs:18:5
[INFO] [stdout]    |
[INFO] [stdout] 18 |     try!(::uncons(e).ok_or_else(|| EvalErr::Type(format!("Uncons error: {}:{}:{}", file!(), line!(), column!()))))
[INFO] [stdout]    |     ^^^
[INFO] [stdout]    | 
[INFO] [stdout]   ::: src/builtins/layout.rs:6:28
[INFO] [stdout]    |
[INFO] [stdout] 6  |     let (value, context) = uncons!(arg);
[INFO] [stdout]    |                            ------------ in this macro invocation
[INFO] [stdout]    |
[INFO] [stdout]    = note: `#[warn(deprecated)]` on by default
[INFO] [stdout]    = note: this warning originates in a macro (in Nightly builds, run with -Z macro-backtrace for more info)
[INFO] [stdout] 
[INFO] [stdout] 
[INFO] [stdout] warning: use of deprecated macro `try`: use the `?` operator instead
[INFO] [stdout]   --> src/builtins/layout.rs:11:30
[INFO] [stdout]    |
[INFO] [stdout] 11 |                 ("navright" {try!(tree_layout(tree!(right .)))} .)
[INFO] [stdout]    |                              ^^^
[INFO] [stdout] 
[INFO] [stdout] 
[INFO] [stdout] warning: use of deprecated macro `try`: use the `?` operator instead
[INFO] [stdout]   --> src/builtins/layout.rs:12:29
[INFO] [stdout]    |
[INFO] [stdout] 12 |                 ("navleft" {try!(tree_layout(tree!(left .)))} .)
[INFO] [stdout]    |                             ^^^
[INFO] [stdout] 
[INFO] [stdout] 
[INFO] [stdout] warning: use of deprecated macro `try`: use the `?` operator instead
[INFO] [stdout]   --> src/main.rs:18:5
[INFO] [stdout]    |
[INFO] [stdout] 18 |     try!(::uncons(e).ok_or_else(|| EvalErr::Type(format!("Uncons error: {}:{}:{}", file!(), line!(), column!()))))
[INFO] [stdout]    |     ^^^
[INFO] [stdout]    | 
[INFO] [stdout]   ::: src/builtins/layout.rs:17:30
[INFO] [stdout]    |
[INFO] [stdout] 17 |             let (ty, expr) = uncons!(value);
[INFO] [stdout]    |                              -------------- in this macro invocation
[INFO] [stdout]    |
[INFO] [stdout]    = note: this warning originates in a macro (in Nightly builds, run with -Z macro-backtrace for more info)
[INFO] [stdout] 
[INFO] [stdout] 
[INFO] [stdout] warning: use of deprecated macro `try`: use the `?` operator instead
[INFO] [stdout]   --> src/builtins/layout.rs:20:44
[INFO] [stdout]    |
[INFO] [stdout] 20 |                 ("navcompound" ("navleft" {try!(tree_layout(tree!(ty .)))} .) .)
[INFO] [stdout]    |                                            ^^^
[INFO] [stdout] 
[INFO] [stdout] 
[INFO] [stdout] warning: use of deprecated macro `try`: use the `?` operator instead
[INFO] [stdout]   --> src/builtins/layout.rs:21:45
[INFO] [stdout]    |
[INFO] [stdout] 21 |                 ("navcompound" ("navright" {try!(tree_layout(tree!(expr .)))} .) .)
[INFO] [stdout]    |                                             ^^^
[INFO] [stdout] 
[INFO] [stdout] 
[INFO] [stdout] warning: use of deprecated macro `try`: use the `?` operator instead
[INFO] [stdout]   --> src/builtins/eval.rs:31:40
[INFO] [stdout]    |
[INFO] [stdout] 31 |     let (arg, mut local, mut global) = try!(match_tree!(val_env; [arg [local global]] => (arg.clone(), local.clone(), global.clone())).ok...
[INFO] [stdout]    |                                        ^^^
[INFO] [stdout] 
[INFO] [stdout] 
[INFO] [stdout] warning: use of deprecated macro `try`: use the `?` operator instead
[INFO] [stdout]   --> src/builtins/eval.rs:74:30
[INFO] [stdout]    |
[INFO] [stdout] 74 |                 let val_id = try!(values.pop().ok_or_else(|| not_enough_args("Bind")));
[INFO] [stdout]    |                              ^^^
[INFO] [stdout] 
[INFO] [stdout] 
[INFO] [stdout] warning: use of deprecated macro `try`: use the `?` operator instead
[INFO] [stdout]   --> src/main.rs:18:5
[INFO] [stdout]    |
[INFO] [stdout] 18 |     try!(::uncons(e).ok_or_else(|| EvalErr::Type(format!("Uncons error: {}:{}:{}", file!(), line!(), column!()))))
[INFO] [stdout]    |     ^^^
[INFO] [stdout]    | 
[INFO] [stdout]   ::: src/builtins/eval.rs:75:33
[INFO] [stdout]    |
[INFO] [stdout] 75 |                 let (val, id) = uncons!(val_id);
[INFO] [stdout]    |                                 --------------- in this macro invocation
[INFO] [stdout]    |
[INFO] [stdout]    = note: this warning originates in a macro (in Nightly builds, run with -Z macro-backtrace for more info)
[INFO] [stdout] 
[INFO] [stdout] 
[INFO] [stdout] warning: use of deprecated macro `try`: use the `?` operator instead
[INFO] [stdout]   --> src/builtins/eval.rs:76:25
[INFO] [stdout]    |
[INFO] [stdout] 76 |                 local = try!(assoc_list_set_shadow(Value::cons(Value::cons(id.clone(), val.clone()), local)));
[INFO] [stdout]    |                         ^^^
[INFO] [stdout] 
[INFO] [stdout] 
[INFO] [stdout] warning: use of deprecated macro `try`: use the `?` operator instead
[INFO] [stdout]   --> src/builtins/eval.rs:85:25
[INFO] [stdout]    |
[INFO] [stdout] 85 |                 let v = try!(values.pop().ok_or_else(|| not_enough_args("ApplyBuiltin")));
[INFO] [stdout]    |                         ^^^
[INFO] [stdout] 
[INFO] [stdout] 
[INFO] [stdout] warning: use of deprecated macro `try`: use the `?` operator instead
[INFO] [stdout]   --> src/builtins/eval.rs:86:38
[INFO] [stdout]    |
[INFO] [stdout] 86 | ...   let (arg, builtin) = try!(match_tree!(v; [arg builtin] => (arg.clone(), builtin.clone())).ok_or_else(|| wrong_shape("apply_builtin"...
[INFO] [stdout]    |                            ^^^
[INFO] [stdout] 
[INFO] [stdout] 
[INFO] [stdout] warning: use of deprecated macro `try`: use the `?` operator instead
[INFO] [stdout]   --> src/builtins/eval.rs:90:43
[INFO] [stdout]    |
[INFO] [stdout] 90 | ...   let (val, l, g) = try!(match_tree!(arg; [val [l g]] => (val.clone(), l.clone(), g.clone())).ok_or_else(|| wrong_shape("apply_builti...
[INFO] [stdout]    |                         ^^^
[INFO] [stdout] 
[INFO] [stdout] 
[INFO] [stdout] warning: use of deprecated macro `try`: use the `?` operator instead
[INFO] [stdout]   --> src/builtins/eval.rs:97:37
[INFO] [stdout]    |
[INFO] [stdout] 97 |                         values.push(try!(b(arg)));
[INFO] [stdout]    |                                     ^^^
[INFO] [stdout] 
[INFO] [stdout] 
[INFO] [stdout] warning: use of deprecated macro `try`: use the `?` operator instead
[INFO] [stdout]    --> src/builtins/eval.rs:104:27
[INFO] [stdout]     |
[INFO] [stdout] 104 |                 let val = try!(values.pop().ok_or_else(|| not_enough_args("ApplyClosure")));
[INFO] [stdout]     |                           ^^^
[INFO] [stdout] 
[INFO] [stdout] 
[INFO] [stdout] warning: use of deprecated macro `try`: use the `?` operator instead
[INFO] [stdout]    --> src/builtins/eval.rs:105:17
[INFO] [stdout]     |
[INFO] [stdout] 105 |                 try!(match_tree!(val; [arg ([_ [env ([_ [arg_id body]])]])] => {
[INFO] [stdout]     |                 ^^^
[INFO] [stdout] 
[INFO] [stdout] 
[INFO] [stdout] warning: use of deprecated macro `try`: use the `?` operator instead
[INFO] [stdout]    --> src/builtins/eval.rs:111:27
[INFO] [stdout]     |
[INFO] [stdout] 111 |                 let val = try!(values.pop().ok_or_else(|| not_enough_args("ApplyFunction")));
[INFO] [stdout]     |                           ^^^
[INFO] [stdout] 
[INFO] [stdout] 
[INFO] [stdout] warning: use of deprecated macro `try`: use the `?` operator instead
[INFO] [stdout]    --> src/builtins/eval.rs:112:17
[INFO] [stdout]     |
[INFO] [stdout] 112 |                 try!(match_tree!(val; [arg ([_ [arg_id body]])] => {
[INFO] [stdout]     |                 ^^^
[INFO] [stdout] 
[INFO] [stdout] 
[INFO] [stdout] warning: use of deprecated macro `try`: use the `?` operator instead
[INFO] [stdout]    --> src/builtins/eval.rs:118:28
[INFO] [stdout]     |
[INFO] [stdout] 118 |                 let test = try!(values.pop().ok_or_else(|| not_enough_args("Branch test")));
[INFO] [stdout]     |                            ^^^
[INFO] [stdout] 
[INFO] [stdout] 
[INFO] [stdout] warning: use of deprecated macro `try`: use the `?` operator instead
[INFO] [stdout]    --> src/builtins/eval.rs:119:28
[INFO] [stdout]     |
[INFO] [stdout] 119 |                 let arms = try!(values.pop().ok_or_else(|| not_enough_args("Branch arms")));
[INFO] [stdout]     |                            ^^^
[INFO] [stdout] 
[INFO] [stdout] 
[INFO] [stdout] warning: use of deprecated macro `try`: use the `?` operator instead
[INFO] [stdout]    --> src/main.rs:18:5
[INFO] [stdout]     |
[INFO] [stdout] 18  |     try!(::uncons(e).ok_or_else(|| EvalErr::Type(format!("Uncons error: {}:{}:{}", file!(), line!(), column!()))))
[INFO] [stdout]     |     ^^^
[INFO] [stdout]     | 
[INFO] [stdout]    ::: src/builtins/eval.rs:120:43
[INFO] [stdout]     |
[INFO] [stdout] 120 |                 let (if_true, if_false) = uncons!(arms);
[INFO] [stdout]     |                                           ------------- in this macro invocation
[INFO] [stdout]     |
[INFO] [stdout]     = note: this warning originates in a macro (in Nightly builds, run with -Z macro-backtrace for more info)
[INFO] [stdout] 
[INFO] [stdout] 
[INFO] [stdout] warning: use of deprecated macro `try`: use the `?` operator instead
[INFO] [stdout]    --> src/builtins/eval.rs:128:30
[INFO] [stdout]     |
[INFO] [stdout] 128 |                 let symbol = try!(values.pop().ok_or_else(|| not_enough_args("Load")));
[INFO] [stdout]     |                              ^^^
[INFO] [stdout] 
[INFO] [stdout] 
[INFO] [stdout] warning: use of deprecated macro `try`: use the `?` operator instead
[INFO] [stdout]    --> src/builtins/eval.rs:129:29
[INFO] [stdout]     |
[INFO] [stdout] 129 |                 let value = try!(assoc_list_lookup(Value::cons(symbol.clone(), local.clone())).or_else(|_| {
[INFO] [stdout]     |                             ^^^
[INFO] [stdout] 
[INFO] [stdout] 
[INFO] [stdout] warning: use of deprecated macro `try`: use the `?` operator instead
[INFO] [stdout]    --> src/builtins/eval.rs:135:29
[INFO] [stdout]     |
[INFO] [stdout] 135 |                 let right = try!(values.pop().ok_or_else(|| not_enough_args("Cons right")));
[INFO] [stdout]     |                             ^^^
[INFO] [stdout] 
[INFO] [stdout] 
[INFO] [stdout] warning: use of deprecated macro `try`: use the `?` operator instead
[INFO] [stdout]    --> src/builtins/eval.rs:136:28
[INFO] [stdout]     |
[INFO] [stdout] 136 |                 let left = try!(values.pop().ok_or_else(|| not_enough_args("Cons left")));
[INFO] [stdout]     |                            ^^^
[INFO] [stdout] 
[INFO] [stdout] 
[INFO] [stdout] warning: use of deprecated macro `try`: use the `?` operator instead
[INFO] [stdout]    --> src/builtins/eval.rs:140:29
[INFO] [stdout]     |
[INFO] [stdout] 140 |                 let inner = try!(values.pop().ok_or_else(|| not_enough_args("AssocList")));
[INFO] [stdout]     |                             ^^^
[INFO] [stdout] 
[INFO] [stdout] 
[INFO] [stdout] warning: use of deprecated macro `try`: use the `?` operator instead
[INFO] [stdout]    --> src/builtins/eval.rs:144:32
[INFO] [stdout]     |
[INFO] [stdout] 144 |                 let eval_val = try!(values.pop().ok_or_else(|| not_enough_args("Eval")));
[INFO] [stdout]     |                                ^^^
[INFO] [stdout] 
[INFO] [stdout] 
[INFO] [stdout] warning: use of deprecated macro `try`: use the `?` operator instead
[INFO] [stdout]    --> src/main.rs:18:5
[INFO] [stdout]     |
[INFO] [stdout] 18  |     try!(::uncons(e).ok_or_else(|| EvalErr::Type(format!("Uncons error: {}:{}:{}", file!(), line!(), column!()))))
[INFO] [stdout]     |     ^^^
[INFO] [stdout]     | 
[INFO] [stdout]    ::: src/builtins/eval.rs:148:41
[INFO] [stdout]     |
[INFO] [stdout] 148 |                         let (ty, val) = uncons!(inner);
[INFO] [stdout]     |                                         -------------- in this macro invocation
[INFO] [stdout]     |
[INFO] [stdout]     = note: this warning originates in a macro (in Nightly builds, run with -Z macro-backtrace for more info)
[INFO] [stdout] 
[INFO] [stdout] 
[INFO] [stdout] warning: use of deprecated macro `try`: use the `?` operator instead
[INFO] [stdout]    --> src/builtins/eval.rs:163:37
[INFO] [stdout]     |
[INFO] [stdout] 163 | ...                   try!(match_tree!(*val; [test if_true_if_false] => {
[INFO] [stdout]     |                       ^^^
[INFO] [stdout] 
[INFO] [stdout] 
[INFO] [stdout] warning: use of deprecated macro `try`: use the `?` operator instead
[INFO] [stdout]    --> src/builtins/eval.rs:168:37
[INFO] [stdout]     |
[INFO] [stdout] 168 | ...                   try!(match_tree!(*val; [[val id] body] => {
[INFO] [stdout]     |                       ^^^
[INFO] [stdout] 
[INFO] [stdout] 
[INFO] [stdout] warning: use of deprecated macro `try`: use the `?` operator instead
[INFO] [stdout]    --> src/builtins/eval.rs:189:45
[INFO] [stdout]     |
[INFO] [stdout] 189 | ...                   let eval_dict = try!(assoc_list_lookup(tree!("eval_dict" &global)));
[INFO] [stdout]     |                                       ^^^
[INFO] [stdout] 
[INFO] [stdout] 
[INFO] [stdout] warning: use of deprecated macro `try`: use the `?` operator instead
[INFO] [stdout]   --> src/main.rs:18:5
[INFO] [stdout]    |
[INFO] [stdout] 18 |     try!(::uncons(e).ok_or_else(|| EvalErr::Type(format!("Uncons error: {}:{}:{}", file!(), line!(), column!()))))
[INFO] [stdout]    |     ^^^
[INFO] [stdout]    | 
[INFO] [stdout]   ::: src/builtins/functions.rs:29:18
[INFO] [stdout]    |
[INFO] [stdout] 29 |     let (a, b) = uncons!(value);
[INFO] [stdout]    |                  -------------- in this macro invocation
[INFO] [stdout]    |
[INFO] [stdout]    = note: this warning originates in a macro (in Nightly builds, run with -Z macro-backtrace for more info)
[INFO] [stdout] 
[INFO] [stdout] 
[INFO] [stdout] warning: use of deprecated macro `try`: use the `?` operator instead
[INFO] [stdout]    --> src/main.rs:18:5
[INFO] [stdout]     |
[INFO] [stdout] 18  |     try!(::uncons(e).ok_or_else(|| EvalErr::Type(format!("Uncons error: {}:{}:{}", file!(), line!(), column!()))))
[INFO] [stdout]     |     ^^^
[INFO] [stdout]     | 
[INFO] [stdout]    ::: src/builtins/functions.rs:118:18
[INFO] [stdout]     |
[INFO] [stdout] 118 |     let (t, v) = uncons!(value);
[INFO] [stdout]     |                  -------------- in this macro invocation
[INFO] [stdout]     |
[INFO] [stdout]     = note: this warning originates in a macro (in Nightly builds, run with -Z macro-backtrace for more info)
[INFO] [stdout] 
[INFO] [stdout] 
[INFO] [stdout] warning: use of deprecated macro `try`: use the `?` operator instead
[INFO] [stdout]    --> src/builtins/functions.rs:132:21
[INFO] [stdout]     |
[INFO] [stdout] 132 |         let mut f = try!(std::fs::File::open(s).map_err(|e| EvalErr::Type(format!("{}", e))));
[INFO] [stdout]     |                     ^^^
[INFO] [stdout] 
[INFO] [stdout] 
[INFO] [stdout] warning: use of deprecated macro `try`: use the `?` operator instead
[INFO] [stdout]    --> src/builtins/functions.rs:134:9
[INFO] [stdout]     |
[INFO] [stdout] 134 |         try!(f.read_to_string(&mut b).map_err(|e| EvalErr::Type(format!("{}", e))));
[INFO] [stdout]     |         ^^^
[INFO] [stdout] 
[INFO] [stdout] 
[INFO] [stdout] warning: use of deprecated macro `try`: use the `?` operator instead
[INFO] [stdout]    --> src/main.rs:18:5
[INFO] [stdout]     |
[INFO] [stdout] 18  |     try!(::uncons(e).ok_or_else(|| EvalErr::Type(format!("Uncons error: {}:{}:{}", file!(), line!(), column!()))))
[INFO] [stdout]     |     ^^^
[INFO] [stdout]     | 
[INFO] [stdout]    ::: src/builtins/functions.rs:140:29
[INFO] [stdout]     |
[INFO] [stdout] 140 |     let (filename, value) = uncons!(value);
[INFO] [stdout]     |                             -------------- in this macro invocation
[INFO] [stdout]     |
[INFO] [stdout]     = note: this warning originates in a macro (in Nightly builds, run with -Z macro-backtrace for more info)
[INFO] [stdout] 
[INFO] [stdout] 
[INFO] [stdout] warning: use of deprecated macro `try`: use the `?` operator instead
[INFO] [stdout]    --> src/builtins/functions.rs:142:21
[INFO] [stdout]     |
[INFO] [stdout] 142 |         let mut f = try!(std::fs::File::create(s).map_err(|e| EvalErr::Type(format!("{}", e))));
[INFO] [stdout]     |                     ^^^
[INFO] [stdout] 
[INFO] [stdout] 
[INFO] [stdout] warning: use of deprecated macro `try`: use the `?` operator instead
[INFO] [stdout]    --> src/builtins/functions.rs:144:9
[INFO] [stdout]     |
[INFO] [stdout] 144 |         try!(f.write(to_write.as_bytes()).map_err(|e| EvalErr::Type(format!("{}", e))));
[INFO] [stdout]     |         ^^^
[INFO] [stdout] 
[INFO] [stdout] 
[INFO] [stdout] warning: use of deprecated macro `try`: use the `?` operator instead
[INFO] [stdout]    --> src/main.rs:18:5
[INFO] [stdout]     |
[INFO] [stdout] 18  |     try!(::uncons(e).ok_or_else(|| EvalErr::Type(format!("Uncons error: {}:{}:{}", file!(), line!(), column!()))))
[INFO] [stdout]     |     ^^^
[INFO] [stdout]     | 
[INFO] [stdout]    ::: src/builtins/functions.rs:163:19
[INFO] [stdout]     |
[INFO] [stdout] 163 |     let (v, lc) = uncons!(arg);
[INFO] [stdout]     |                   ------------ in this macro invocation
[INFO] [stdout]     |
[INFO] [stdout]     = note: this warning originates in a macro (in Nightly builds, run with -Z macro-backtrace for more info)
[INFO] [stdout] 
[INFO] [stdout] 
[INFO] [stdout] warning: use of deprecated macro `try`: use the `?` operator instead
[INFO] [stdout]    --> src/main.rs:22:14
[INFO] [stdout]     |
[INFO] [stdout] 22  |     uncons!(*try!(::uncompound(e).ok_or_else(|| EvalErr::Type(format!("Uncompound error: {}:{}:{}", file!(), line!(), column!())))))
[INFO] [stdout]     |              ^^^
[INFO] [stdout]     | 
[INFO] [stdout]    ::: src/builtins/functions.rs:164:18
[INFO] [stdout]     |
[INFO] [stdout] 164 |     let (_, l) = uncompound!(lc);
[INFO] [stdout]     |                  --------------- in this macro invocation
[INFO] [stdout]     |
[INFO] [stdout]     = note: this warning originates in a macro (in Nightly builds, run with -Z macro-backtrace for more info)
[INFO] [stdout] 
[INFO] [stdout] 
[INFO] [stdout] warning: use of deprecated macro `try`: use the `?` operator instead
[INFO] [stdout]    --> src/main.rs:18:5
[INFO] [stdout]     |
[INFO] [stdout] 18  |     try!(::uncons(e).ok_or_else(|| EvalErr::Type(format!("Uncons error: {}:{}:{}", file!(), line!(), column!()))))
[INFO] [stdout]     |     ^^^
[INFO] [stdout]     | 
[INFO] [stdout]    ::: src/builtins/functions.rs:164:18
[INFO] [stdout]     |
[INFO] [stdout] 164 |     let (_, l) = uncompound!(lc);
[INFO] [stdout]     |                  --------------- in this macro invocation
[INFO] [stdout]     |
[INFO] [stdout]     = note: this warning originates in a macro (in Nightly builds, run with -Z macro-backtrace for more info)
[INFO] [stdout] 
[INFO] [stdout] 
[INFO] [stdout] warning: use of deprecated macro `try`: use the `?` operator instead
[INFO] [stdout]    --> src/main.rs:18:5
[INFO] [stdout]     |
[INFO] [stdout] 18  |     try!(::uncons(e).ok_or_else(|| EvalErr::Type(format!("Uncons error: {}:{}:{}", file!(), line!(), column!()))))
[INFO] [stdout]     |     ^^^
[INFO] [stdout]     | 
[INFO] [stdout]    ::: src/builtins/functions.rs:167:26
[INFO] [stdout]     |
[INFO] [stdout] 167 |         let (key, val) = uncons!(left);
[INFO] [stdout]     |                          ------------- in this macro invocation
[INFO] [stdout]     |
[INFO] [stdout]     = note: this warning originates in a macro (in Nightly builds, run with -Z macro-backtrace for more info)
[INFO] [stdout] 
[INFO] [stdout] 
[INFO] [stdout] warning: use of deprecated macro `try`: use the `?` operator instead
[INFO] [stdout]    --> src/builtins/functions.rs:168:40
[INFO] [stdout]     |
[INFO] [stdout] 168 |         if let Value::Boolean(true) = *try!(equal_to(Value::cons(key.clone(), v.clone()))) {
[INFO] [stdout]     |                                        ^^^
[INFO] [stdout] 
[INFO] [stdout] 
[INFO] [stdout] warning: use of deprecated macro `try`: use the `?` operator instead
[INFO] [stdout]    --> src/main.rs:18:5
[INFO] [stdout]     |
[INFO] [stdout] 18  |     try!(::uncons(e).ok_or_else(|| EvalErr::Type(format!("Uncons error: {}:{}:{}", file!(), line!(), column!()))))
[INFO] [stdout]     |     ^^^
[INFO] [stdout]     | 
[INFO] [stdout]    ::: src/builtins/functions.rs:182:20
[INFO] [stdout]     |
[INFO] [stdout] 182 |     let (m, def) = uncons!(arg);
[INFO] [stdout]     |                    ------------ in this macro invocation
[INFO] [stdout]     |
[INFO] [stdout]     = note: this warning originates in a macro (in Nightly builds, run with -Z macro-backtrace for more info)
[INFO] [stdout] 
[INFO] [stdout] 
[INFO] [stdout] warning: use of deprecated macro `try`: use the `?` operator instead
[INFO] [stdout]    --> src/main.rs:18:5
[INFO] [stdout]     |
[INFO] [stdout] 18  |     try!(::uncons(e).ok_or_else(|| EvalErr::Type(format!("Uncons error: {}:{}:{}", file!(), line!(), column!()))))
[INFO] [stdout]     |     ^^^
[INFO] [stdout]     | 
[INFO] [stdout]    ::: src/builtins/functions.rs:183:19
[INFO] [stdout]     |
[INFO] [stdout] 183 |     let (v, lc) = uncons!(m);
[INFO] [stdout]     |                   ---------- in this macro invocation
[INFO] [stdout]     |
[INFO] [stdout]     = note: this warning originates in a macro (in Nightly builds, run with -Z macro-backtrace for more info)
[INFO] [stdout] 
[INFO] [stdout] 
[INFO] [stdout] warning: use of deprecated macro `try`: use the `?` operator instead
[INFO] [stdout]    --> src/main.rs:22:14
[INFO] [stdout]     |
[INFO] [stdout] 22  |     uncons!(*try!(::uncompound(e).ok_or_else(|| EvalErr::Type(format!("Uncompound error: {}:{}:{}", file!(), line!(), column!())))))
[INFO] [stdout]     |              ^^^
[INFO] [stdout]     | 
[INFO] [stdout]    ::: src/builtins/functions.rs:184:18
[INFO] [stdout]     |
[INFO] [stdout] 184 |     let (_, l) = uncompound!(lc);
[INFO] [stdout]     |                  --------------- in this macro invocation
[INFO] [stdout]     |
[INFO] [stdout]     = note: this warning originates in a macro (in Nightly builds, run with -Z macro-backtrace for more info)
[INFO] [stdout] 
[INFO] [stdout] 
[INFO] [stdout] warning: use of deprecated macro `try`: use the `?` operator instead
[INFO] [stdout]    --> src/main.rs:18:5
[INFO] [stdout]     |
[INFO] [stdout] 18  |     try!(::uncons(e).ok_or_else(|| EvalErr::Type(format!("Uncons error: {}:{}:{}", file!(), line!(), column!()))))
[INFO] [stdout]     |     ^^^
[INFO] [stdout]     | 
[INFO] [stdout]    ::: src/builtins/functions.rs:184:18
[INFO] [stdout]     |
[INFO] [stdout] 184 |     let (_, l) = uncompound!(lc);
[INFO] [stdout]     |                  --------------- in this macro invocation
[INFO] [stdout]     |
[INFO] [stdout]     = note: this warning originates in a macro (in Nightly builds, run with -Z macro-backtrace for more info)
[INFO] [stdout] 
[INFO] [stdout] 
[INFO] [stdout] warning: use of deprecated macro `try`: use the `?` operator instead
[INFO] [stdout]    --> src/main.rs:18:5
[INFO] [stdout]     |
[INFO] [stdout] 18  |     try!(::uncons(e).ok_or_else(|| EvalErr::Type(format!("Uncons error: {}:{}:{}", file!(), line!(), column!()))))
[INFO] [stdout]     |     ^^^
[INFO] [stdout]     | 
[INFO] [stdout]    ::: src/builtins/functions.rs:187:26
[INFO] [stdout]     |
[INFO] [stdout] 187 |         let (key, val) = uncons!(left);
[INFO] [stdout]     |                          ------------- in this macro invocation
[INFO] [stdout]     |
[INFO] [stdout]     = note: this warning originates in a macro (in Nightly builds, run with -Z macro-backtrace for more info)
[INFO] [stdout] 
[INFO] [stdout] 
[INFO] [stdout] warning: use of deprecated macro `try`: use the `?` operator instead
[INFO] [stdout]    --> src/builtins/functions.rs:188:40
[INFO] [stdout]     |
[INFO] [stdout] 188 |         if let Value::Boolean(true) = *try!(equal_to(Value::cons(key.clone(), v.clone()))) {
[INFO] [stdout]     |                                        ^^^
[INFO] [stdout] 
[INFO] [stdout] 
[INFO] [stdout] warning: use of deprecated macro `try`: use the `?` operator instead
[INFO] [stdout]    --> src/main.rs:18:5
[INFO] [stdout]     |
[INFO] [stdout] 18  |     try!(::uncons(e).ok_or_else(|| EvalErr::Type(format!("Uncons error: {}:{}:{}", file!(), line!(), column!()))))
[INFO] [stdout]     |     ^^^
[INFO] [stdout]     | 
[INFO] [stdout]    ::: src/builtins/functions.rs:201:28
[INFO] [stdout]     |
[INFO] [stdout] 201 |             let (key, _) = uncons!(left);
[INFO] [stdout]     |                            ------------- in this macro invocation
[INFO] [stdout]     |
[INFO] [stdout]     = note: this warning originates in a macro (in Nightly builds, run with -Z macro-backtrace for more info)
[INFO] [stdout] 
[INFO] [stdout] 
[INFO] [stdout] warning: use of deprecated macro `try`: use the `?` operator instead
[INFO] [stdout]    --> src/builtins/functions.rs:203:44
[INFO] [stdout]     |
[INFO] [stdout] 203 |             if let Value::Boolean(true) = *try!(::builtins::functions::equal_to(Value::cons(key.clone(), k.clone()))) {
[INFO] [stdout]     |                                            ^^^
[INFO] [stdout] 
[INFO] [stdout] 
[INFO] [stdout] warning: use of deprecated macro `try`: use the `?` operator instead
[INFO] [stdout]   --> src/main.rs:18:5
[INFO] [stdout]    |
[INFO] [stdout] 18 |     try!(::uncons(e).ok_or_else(|| EvalErr::Type(format!("Uncons error: {}:{}:{}", file!(), line!(), column!()))))
[INFO] [stdout]    |     ^^^
[INFO] [stdout]    | 
[INFO] [stdout]   ::: src/builtins/layout.rs:6:28
[INFO] [stdout]    |
[INFO] [stdout] 6  |     let (value, context) = uncons!(arg);
[INFO] [stdout]    |                            ------------ in this macro invocation
[INFO] [stdout]    |
[INFO] [stdout]    = note: `#[warn(deprecated)]` on by default
[INFO] [stdout]    = note: this warning originates in a macro (in Nightly builds, run with -Z macro-backtrace for more info)
[INFO] [stdout] 
[INFO] [stdout] 
[INFO] [stdout] warning: use of deprecated macro `try`: use the `?` operator instead
[INFO] [stdout]   --> src/builtins/layout.rs:11:30
[INFO] [stdout]    |
[INFO] [stdout] 11 |                 ("navright" {try!(tree_layout(tree!(right .)))} .)
[INFO] [stdout]    |                              ^^^
[INFO] [stdout] 
[INFO] [stdout] 
[INFO] [stdout] warning: use of deprecated macro `try`: use the `?` operator instead
[INFO] [stdout]   --> src/builtins/layout.rs:12:29
[INFO] [stdout]    |
[INFO] [stdout] 12 |                 ("navleft" {try!(tree_layout(tree!(left .)))} .)
[INFO] [stdout]    |                             ^^^
[INFO] [stdout] 
[INFO] [stdout] 
[INFO] [stdout] warning: use of deprecated macro `try`: use the `?` operator instead
[INFO] [stdout]   --> src/main.rs:18:5
[INFO] [stdout]    |
[INFO] [stdout] 18 |     try!(::uncons(e).ok_or_else(|| EvalErr::Type(format!("Uncons error: {}:{}:{}", file!(), line!(), column!()))))
[INFO] [stdout]    |     ^^^
[INFO] [stdout]    | 
[INFO] [stdout]   ::: src/builtins/layout.rs:17:30
[INFO] [stdout]    |
[INFO] [stdout] 17 |             let (ty, expr) = uncons!(value);
[INFO] [stdout]    |                              -------------- in this macro invocation
[INFO] [stdout]    |
[INFO] [stdout]    = note: this warning originates in a macro (in Nightly builds, run with -Z macro-backtrace for more info)
[INFO] [stdout] 
[INFO] [stdout] 
[INFO] [stdout] warning: use of deprecated macro `try`: use the `?` operator instead
[INFO] [stdout]   --> src/builtins/layout.rs:20:44
[INFO] [stdout]    |
[INFO] [stdout] 20 |                 ("navcompound" ("navleft" {try!(tree_layout(tree!(ty .)))} .) .)
[INFO] [stdout]    |                                            ^^^
[INFO] [stdout] 
[INFO] [stdout] 
[INFO] [stdout] warning: use of deprecated macro `try`: use the `?` operator instead
[INFO] [stdout]   --> src/builtins/layout.rs:21:45
[INFO] [stdout]    |
[INFO] [stdout] 21 |                 ("navcompound" ("navright" {try!(tree_layout(tree!(expr .)))} .) .)
[INFO] [stdout]    |                                             ^^^
[INFO] [stdout] 
[INFO] [stdout] 
[INFO] [stdout] warning: the item `na` is imported redundantly
[INFO] [stdout]    --> src/render.rs:123:13
[INFO] [stdout]     |
[INFO] [stdout] 123 |         use na;
[INFO] [stdout]     |             ^^
[INFO] [stdout]     | 
[INFO] [stdout]    ::: src/main.rs:3:1
[INFO] [stdout]     |
[INFO] [stdout] 3   | extern crate nalgebra as na;
[INFO] [stdout]     | ---------------------------- the item `na` is already imported here
[INFO] [stdout]     |
[INFO] [stdout]     = note: `#[warn(unused_imports)]` on by default
[INFO] [stdout] 
[INFO] [stdout] 
[INFO] [stdout] warning: use of deprecated macro `try`: use the `?` operator instead
[INFO] [stdout]   --> src/builtins/eval.rs:31:40
[INFO] [stdout]    |
[INFO] [stdout] 31 |     let (arg, mut local, mut global) = try!(match_tree!(val_env; [arg [local global]] => (arg.clone(), local.clone(), global.clone())).ok...
[INFO] [stdout]    |                                        ^^^
[INFO] [stdout] 
[INFO] [stdout] 
[INFO] [stdout] warning: use of deprecated macro `try`: use the `?` operator instead
[INFO] [stdout]   --> src/builtins/eval.rs:74:30
[INFO] [stdout]    |
[INFO] [stdout] 74 |                 let val_id = try!(values.pop().ok_or_else(|| not_enough_args("Bind")));
[INFO] [stdout]    |                              ^^^
[INFO] [stdout] 
[INFO] [stdout] 
[INFO] [stdout] warning: use of deprecated macro `try`: use the `?` operator instead
[INFO] [stdout]   --> src/main.rs:18:5
[INFO] [stdout]    |
[INFO] [stdout] 18 |     try!(::uncons(e).ok_or_else(|| EvalErr::Type(format!("Uncons error: {}:{}:{}", file!(), line!(), column!()))))
[INFO] [stdout]    |     ^^^
[INFO] [stdout]    | 
[INFO] [stdout]   ::: src/builtins/eval.rs:75:33
[INFO] [stdout]    |
[INFO] [stdout] 75 |                 let (val, id) = uncons!(val_id);
[INFO] [stdout]    |                                 --------------- in this macro invocation
[INFO] [stdout]    |
[INFO] [stdout]    = note: this warning originates in a macro (in Nightly builds, run with -Z macro-backtrace for more info)
[INFO] [stdout] 
[INFO] [stdout] 
[INFO] [stdout] warning: use of deprecated macro `try`: use the `?` operator instead
[INFO] [stdout]   --> src/builtins/eval.rs:76:25
[INFO] [stdout]    |
[INFO] [stdout] 76 |                 local = try!(assoc_list_set_shadow(Value::cons(Value::cons(id.clone(), val.clone()), local)));
[INFO] [stdout]    |                         ^^^
[INFO] [stdout] 
[INFO] [stdout] 
[INFO] [stdout] warning: use of deprecated macro `try`: use the `?` operator instead
[INFO] [stdout]   --> src/builtins/eval.rs:85:25
[INFO] [stdout]    |
[INFO] [stdout] 85 |                 let v = try!(values.pop().ok_or_else(|| not_enough_args("ApplyBuiltin")));
[INFO] [stdout]    |                         ^^^
[INFO] [stdout] 
[INFO] [stdout] 
[INFO] [stdout] warning: use of deprecated macro `try`: use the `?` operator instead
[INFO] [stdout]   --> src/builtins/eval.rs:86:38
[INFO] [stdout]    |
[INFO] [stdout] 86 | ...   let (arg, builtin) = try!(match_tree!(v; [arg builtin] => (arg.clone(), builtin.clone())).ok_or_else(|| wrong_shape("apply_builtin"...
[INFO] [stdout]    |                            ^^^
[INFO] [stdout] 
[INFO] [stdout] 
[INFO] [stdout] warning: use of deprecated macro `try`: use the `?` operator instead
[INFO] [stdout]   --> src/builtins/eval.rs:90:43
[INFO] [stdout]    |
[INFO] [stdout] 90 | ...   let (val, l, g) = try!(match_tree!(arg; [val [l g]] => (val.clone(), l.clone(), g.clone())).ok_or_else(|| wrong_shape("apply_builti...
[INFO] [stdout]    |                         ^^^
[INFO] [stdout] 
[INFO] [stdout] 
[INFO] [stdout] warning: use of deprecated macro `try`: use the `?` operator instead
[INFO] [stdout]   --> src/builtins/eval.rs:97:37
[INFO] [stdout]    |
[INFO] [stdout] 97 |                         values.push(try!(b(arg)));
[INFO] [stdout]    |                                     ^^^
[INFO] [stdout] 
[INFO] [stdout] 
[INFO] [stdout] warning: use of deprecated macro `try`: use the `?` operator instead
[INFO] [stdout]    --> src/builtins/eval.rs:104:27
[INFO] [stdout]     |
[INFO] [stdout] 104 |                 let val = try!(values.pop().ok_or_else(|| not_enough_args("ApplyClosure")));
[INFO] [stdout]     |                           ^^^
[INFO] [stdout] 
[INFO] [stdout] 
[INFO] [stdout] warning: use of deprecated macro `try`: use the `?` operator instead
[INFO] [stdout]    --> src/builtins/eval.rs:105:17
[INFO] [stdout]     |
[INFO] [stdout] 105 |                 try!(match_tree!(val; [arg ([_ [env ([_ [arg_id body]])]])] => {
[INFO] [stdout]     |                 ^^^
[INFO] [stdout] 
[INFO] [stdout] 
[INFO] [stdout] warning: use of deprecated macro `try`: use the `?` operator instead
[INFO] [stdout]    --> src/builtins/eval.rs:111:27
[INFO] [stdout]     |
[INFO] [stdout] 111 |                 let val = try!(values.pop().ok_or_else(|| not_enough_args("ApplyFunction")));
[INFO] [stdout]     |                           ^^^
[INFO] [stdout] 
[INFO] [stdout] 
[INFO] [stdout] warning: use of deprecated macro `try`: use the `?` operator instead
[INFO] [stdout]    --> src/builtins/eval.rs:112:17
[INFO] [stdout]     |
[INFO] [stdout] 112 |                 try!(match_tree!(val; [arg ([_ [arg_id body]])] => {
[INFO] [stdout]     |                 ^^^
[INFO] [stdout] 
[INFO] [stdout] 
[INFO] [stdout] warning: use of deprecated macro `try`: use the `?` operator instead
[INFO] [stdout]    --> src/builtins/eval.rs:118:28
[INFO] [stdout]     |
[INFO] [stdout] 118 |                 let test = try!(values.pop().ok_or_else(|| not_enough_args("Branch test")));
[INFO] [stdout]     |                            ^^^
[INFO] [stdout] 
[INFO] [stdout] 
[INFO] [stdout] warning: use of deprecated macro `try`: use the `?` operator instead
[INFO] [stdout]    --> src/builtins/eval.rs:119:28
[INFO] [stdout]     |
[INFO] [stdout] 119 |                 let arms = try!(values.pop().ok_or_else(|| not_enough_args("Branch arms")));
[INFO] [stdout]     |                            ^^^
[INFO] [stdout] 
[INFO] [stdout] 
[INFO] [stdout] warning: use of deprecated macro `try`: use the `?` operator instead
[INFO] [stdout]    --> src/main.rs:18:5
[INFO] [stdout]     |
[INFO] [stdout] 18  |     try!(::uncons(e).ok_or_else(|| EvalErr::Type(format!("Uncons error: {}:{}:{}", file!(), line!(), column!()))))
[INFO] [stdout]     |     ^^^
[INFO] [stdout]     | 
[INFO] [stdout]    ::: src/builtins/eval.rs:120:43
[INFO] [stdout]     |
[INFO] [stdout] 120 |                 let (if_true, if_false) = uncons!(arms);
[INFO] [stdout]     |                                           ------------- in this macro invocation
[INFO] [stdout]     |
[INFO] [stdout]     = note: this warning originates in a macro (in Nightly builds, run with -Z macro-backtrace for more info)
[INFO] [stdout] 
[INFO] [stdout] 
[INFO] [stdout] warning: use of deprecated macro `try`: use the `?` operator instead
[INFO] [stdout]    --> src/builtins/eval.rs:128:30
[INFO] [stdout]     |
[INFO] [stdout] 128 |                 let symbol = try!(values.pop().ok_or_else(|| not_enough_args("Load")));
[INFO] [stdout]     |                              ^^^
[INFO] [stdout] 
[INFO] [stdout] 
[INFO] [stdout] warning: use of deprecated macro `try`: use the `?` operator instead
[INFO] [stdout]    --> src/builtins/eval.rs:129:29
[INFO] [stdout]     |
[INFO] [stdout] 129 |                 let value = try!(assoc_list_lookup(Value::cons(symbol.clone(), local.clone())).or_else(|_| {
[INFO] [stdout]     |                             ^^^
[INFO] [stdout] 
[INFO] [stdout] 
[INFO] [stdout] warning: use of deprecated macro `try`: use the `?` operator instead
[INFO] [stdout]    --> src/builtins/eval.rs:135:29
[INFO] [stdout]     |
[INFO] [stdout] 135 |                 let right = try!(values.pop().ok_or_else(|| not_enough_args("Cons right")));
[INFO] [stdout]     |                             ^^^
[INFO] [stdout] 
[INFO] [stdout] 
[INFO] [stdout] warning: use of deprecated macro `try`: use the `?` operator instead
[INFO] [stdout]    --> src/builtins/eval.rs:136:28
[INFO] [stdout]     |
[INFO] [stdout] 136 |                 let left = try!(values.pop().ok_or_else(|| not_enough_args("Cons left")));
[INFO] [stdout]     |                            ^^^
[INFO] [stdout] 
[INFO] [stdout] 
[INFO] [stdout] warning: use of deprecated macro `try`: use the `?` operator instead
[INFO] [stdout]    --> src/builtins/eval.rs:140:29
[INFO] [stdout]     |
[INFO] [stdout] 140 |                 let inner = try!(values.pop().ok_or_else(|| not_enough_args("AssocList")));
[INFO] [stdout]     |                             ^^^
[INFO] [stdout] 
[INFO] [stdout] 
[INFO] [stdout] warning: use of deprecated macro `try`: use the `?` operator instead
[INFO] [stdout]    --> src/builtins/eval.rs:144:32
[INFO] [stdout]     |
[INFO] [stdout] 144 |                 let eval_val = try!(values.pop().ok_or_else(|| not_enough_args("Eval")));
[INFO] [stdout]     |                                ^^^
[INFO] [stdout] 
[INFO] [stdout] 
[INFO] [stdout] warning: use of deprecated macro `try`: use the `?` operator instead
[INFO] [stdout]    --> src/main.rs:18:5
[INFO] [stdout]     |
[INFO] [stdout] 18  |     try!(::uncons(e).ok_or_else(|| EvalErr::Type(format!("Uncons error: {}:{}:{}", file!(), line!(), column!()))))
[INFO] [stdout]     |     ^^^
[INFO] [stdout]     | 
[INFO] [stdout]    ::: src/builtins/eval.rs:148:41
[INFO] [stdout]     |
[INFO] [stdout] 148 |                         let (ty, val) = uncons!(inner);
[INFO] [stdout]     |                                         -------------- in this macro invocation
[INFO] [stdout]     |
[INFO] [stdout]     = note: this warning originates in a macro (in Nightly builds, run with -Z macro-backtrace for more info)
[INFO] [stdout] 
[INFO] [stdout] 
[INFO] [stdout] warning: use of deprecated macro `try`: use the `?` operator instead
[INFO] [stdout]    --> src/builtins/eval.rs:163:37
[INFO] [stdout]     |
[INFO] [stdout] 163 | ...                   try!(match_tree!(*val; [test if_true_if_false] => {
[INFO] [stdout]     |                       ^^^
[INFO] [stdout] 
[INFO] [stdout] 
[INFO] [stdout] warning: use of deprecated macro `try`: use the `?` operator instead
[INFO] [stdout]    --> src/builtins/eval.rs:168:37
[INFO] [stdout]     |
[INFO] [stdout] 168 | ...                   try!(match_tree!(*val; [[val id] body] => {
[INFO] [stdout]     |                       ^^^
[INFO] [stdout] 
[INFO] [stdout] 
[INFO] [stdout] warning: use of deprecated macro `try`: use the `?` operator instead
[INFO] [stdout]    --> src/builtins/eval.rs:189:45
[INFO] [stdout]     |
[INFO] [stdout] 189 | ...                   let eval_dict = try!(assoc_list_lookup(tree!("eval_dict" &global)));
[INFO] [stdout]     |                                       ^^^
[INFO] [stdout] 
[INFO] [stdout] 
[INFO] [stdout] warning: use of deprecated macro `try`: use the `?` operator instead
[INFO] [stdout]   --> src/main.rs:18:5
[INFO] [stdout]    |
[INFO] [stdout] 18 |     try!(::uncons(e).ok_or_else(|| EvalErr::Type(format!("Uncons error: {}:{}:{}", file!(), line!(), column!()))))
[INFO] [stdout]    |     ^^^
[INFO] [stdout]    | 
[INFO] [stdout]   ::: src/builtins/functions.rs:29:18
[INFO] [stdout]    |
[INFO] [stdout] 29 |     let (a, b) = uncons!(value);
[INFO] [stdout]    |                  -------------- in this macro invocation
[INFO] [stdout]    |
[INFO] [stdout]    = note: this warning originates in a macro (in Nightly builds, run with -Z macro-backtrace for more info)
[INFO] [stdout] 
[INFO] [stdout] 
[INFO] [stdout] warning: use of deprecated macro `try`: use the `?` operator instead
[INFO] [stdout]    --> src/main.rs:18:5
[INFO] [stdout]     |
[INFO] [stdout] 18  |     try!(::uncons(e).ok_or_else(|| EvalErr::Type(format!("Uncons error: {}:{}:{}", file!(), line!(), column!()))))
[INFO] [stdout]     |     ^^^
[INFO] [stdout]     | 
[INFO] [stdout]    ::: src/builtins/functions.rs:118:18
[INFO] [stdout]     |
[INFO] [stdout] 118 |     let (t, v) = uncons!(value);
[INFO] [stdout]     |                  -------------- in this macro invocation
[INFO] [stdout]     |
[INFO] [stdout]     = note: this warning originates in a macro (in Nightly builds, run with -Z macro-backtrace for more info)
[INFO] [stdout] 
[INFO] [stdout] 
[INFO] [stdout] warning: use of deprecated macro `try`: use the `?` operator instead
[INFO] [stdout]    --> src/builtins/functions.rs:132:21
[INFO] [stdout]     |
[INFO] [stdout] 132 |         let mut f = try!(std::fs::File::open(s).map_err(|e| EvalErr::Type(format!("{}", e))));
[INFO] [stdout]     |                     ^^^
[INFO] [stdout] 
[INFO] [stdout] 
[INFO] [stdout] warning: use of deprecated macro `try`: use the `?` operator instead
[INFO] [stdout]    --> src/builtins/functions.rs:134:9
[INFO] [stdout]     |
[INFO] [stdout] 134 |         try!(f.read_to_string(&mut b).map_err(|e| EvalErr::Type(format!("{}", e))));
[INFO] [stdout]     |         ^^^
[INFO] [stdout] 
[INFO] [stdout] 
[INFO] [stdout] warning: use of deprecated macro `try`: use the `?` operator instead
[INFO] [stdout]    --> src/main.rs:18:5
[INFO] [stdout]     |
[INFO] [stdout] 18  |     try!(::uncons(e).ok_or_else(|| EvalErr::Type(format!("Uncons error: {}:{}:{}", file!(), line!(), column!()))))
[INFO] [stdout]     |     ^^^
[INFO] [stdout]     | 
[INFO] [stdout]    ::: src/builtins/functions.rs:140:29
[INFO] [stdout]     |
[INFO] [stdout] 140 |     let (filename, value) = uncons!(value);
[INFO] [stdout]     |                             -------------- in this macro invocation
[INFO] [stdout]     |
[INFO] [stdout]     = note: this warning originates in a macro (in Nightly builds, run with -Z macro-backtrace for more info)
[INFO] [stdout] 
[INFO] [stdout] 
[INFO] [stdout] warning: use of deprecated macro `try`: use the `?` operator instead
[INFO] [stdout]    --> src/builtins/functions.rs:142:21
[INFO] [stdout]     |
[INFO] [stdout] 142 |         let mut f = try!(std::fs::File::create(s).map_err(|e| EvalErr::Type(format!("{}", e))));
[INFO] [stdout]     |                     ^^^
[INFO] [stdout] 
[INFO] [stdout] 
[INFO] [stdout] warning: use of deprecated macro `try`: use the `?` operator instead
[INFO] [stdout]    --> src/builtins/functions.rs:144:9
[INFO] [stdout]     |
[INFO] [stdout] 144 |         try!(f.write(to_write.as_bytes()).map_err(|e| EvalErr::Type(format!("{}", e))));
[INFO] [stdout]     |         ^^^
[INFO] [stdout] 
[INFO] [stdout] 
[INFO] [stdout] warning: use of deprecated macro `try`: use the `?` operator instead
[INFO] [stdout]    --> src/main.rs:18:5
[INFO] [stdout]     |
[INFO] [stdout] 18  |     try!(::uncons(e).ok_or_else(|| EvalErr::Type(format!("Uncons error: {}:{}:{}", file!(), line!(), column!()))))
[INFO] [stdout]     |     ^^^
[INFO] [stdout]     | 
[INFO] [stdout]    ::: src/builtins/functions.rs:163:19
[INFO] [stdout]     |
[INFO] [stdout] 163 |     let (v, lc) = uncons!(arg);
[INFO] [stdout]     |                   ------------ in this macro invocation
[INFO] [stdout]     |
[INFO] [stdout]     = note: this warning originates in a macro (in Nightly builds, run with -Z macro-backtrace for more info)
[INFO] [stdout] 
[INFO] [stdout] 
[INFO] [stdout] warning: use of deprecated macro `try`: use the `?` operator instead
[INFO] [stdout]    --> src/main.rs:22:14
[INFO] [stdout]     |
[INFO] [stdout] 22  |     uncons!(*try!(::uncompound(e).ok_or_else(|| EvalErr::Type(format!("Uncompound error: {}:{}:{}", file!(), line!(), column!())))))
[INFO] [stdout]     |              ^^^
[INFO] [stdout]     | 
[INFO] [stdout]    ::: src/builtins/functions.rs:164:18
[INFO] [stdout]     |
[INFO] [stdout] 164 |     let (_, l) = uncompound!(lc);
[INFO] [stdout]     |                  --------------- in this macro invocation
[INFO] [stdout]     |
[INFO] [stdout]     = note: this warning originates in a macro (in Nightly builds, run with -Z macro-backtrace for more info)
[INFO] [stdout] 
[INFO] [stdout] 
[INFO] [stdout] warning: use of deprecated macro `try`: use the `?` operator instead
[INFO] [stdout]    --> src/main.rs:18:5
[INFO] [stdout]     |
[INFO] [stdout] 18  |     try!(::uncons(e).ok_or_else(|| EvalErr::Type(format!("Uncons error: {}:{}:{}", file!(), line!(), column!()))))
[INFO] [stdout]     |     ^^^
[INFO] [stdout]     | 
[INFO] [stdout]    ::: src/builtins/functions.rs:164:18
[INFO] [stdout]     |
[INFO] [stdout] 164 |     let (_, l) = uncompound!(lc);
[INFO] [stdout]     |                  --------------- in this macro invocation
[INFO] [stdout]     |
[INFO] [stdout]     = note: this warning originates in a macro (in Nightly builds, run with -Z macro-backtrace for more info)
[INFO] [stdout] 
[INFO] [stdout] 
[INFO] [stdout] warning: use of deprecated macro `try`: use the `?` operator instead
[INFO] [stdout]    --> src/main.rs:18:5
[INFO] [stdout]     |
[INFO] [stdout] 18  |     try!(::uncons(e).ok_or_else(|| EvalErr::Type(format!("Uncons error: {}:{}:{}", file!(), line!(), column!()))))
[INFO] [stdout]     |     ^^^
[INFO] [stdout]     | 
[INFO] [stdout]    ::: src/builtins/functions.rs:167:26
[INFO] [stdout]     |
[INFO] [stdout] 167 |         let (key, val) = uncons!(left);
[INFO] [stdout]     |                          ------------- in this macro invocation
[INFO] [stdout]     |
[INFO] [stdout]     = note: this warning originates in a macro (in Nightly builds, run with -Z macro-backtrace for more info)
[INFO] [stdout] 
[INFO] [stdout] 
[INFO] [stdout] warning: use of deprecated macro `try`: use the `?` operator instead
[INFO] [stdout]    --> src/builtins/functions.rs:168:40
[INFO] [stdout]     |
[INFO] [stdout] 168 |         if let Value::Boolean(true) = *try!(equal_to(Value::cons(key.clone(), v.clone()))) {
[INFO] [stdout]     |                                        ^^^
[INFO] [stdout] 
[INFO] [stdout] 
[INFO] [stdout] warning: use of deprecated macro `try`: use the `?` operator instead
[INFO] [stdout]    --> src/main.rs:18:5
[INFO] [stdout]     |
[INFO] [stdout] 18  |     try!(::uncons(e).ok_or_else(|| EvalErr::Type(format!("Uncons error: {}:{}:{}", file!(), line!(), column!()))))
[INFO] [stdout]     |     ^^^
[INFO] [stdout]     | 
[INFO] [stdout]    ::: src/builtins/functions.rs:182:20
[INFO] [stdout]     |
[INFO] [stdout] 182 |     let (m, def) = uncons!(arg);
[INFO] [stdout]     |                    ------------ in this macro invocation
[INFO] [stdout]     |
[INFO] [stdout]     = note: this warning originates in a macro (in Nightly builds, run with -Z macro-backtrace for more info)
[INFO] [stdout] 
[INFO] [stdout] 
[INFO] [stdout] warning: use of deprecated macro `try`: use the `?` operator instead
[INFO] [stdout]    --> src/main.rs:18:5
[INFO] [stdout]     |
[INFO] [stdout] 18  |     try!(::uncons(e).ok_or_else(|| EvalErr::Type(format!("Uncons error: {}:{}:{}", file!(), line!(), column!()))))
[INFO] [stdout]     |     ^^^
[INFO] [stdout]     | 
[INFO] [stdout]    ::: src/builtins/functions.rs:183:19
[INFO] [stdout]     |
[INFO] [stdout] 183 |     let (v, lc) = uncons!(m);
[INFO] [stdout]     |                   ---------- in this macro invocation
[INFO] [stdout]     |
[INFO] [stdout]     = note: this warning originates in a macro (in Nightly builds, run with -Z macro-backtrace for more info)
[INFO] [stdout] 
[INFO] [stdout] 
[INFO] [stdout] warning: use of deprecated macro `try`: use the `?` operator instead
[INFO] [stdout]    --> src/main.rs:22:14
[INFO] [stdout]     |
[INFO] [stdout] 22  |     uncons!(*try!(::uncompound(e).ok_or_else(|| EvalErr::Type(format!("Uncompound error: {}:{}:{}", file!(), line!(), column!())))))
[INFO] [stdout]     |              ^^^
[INFO] [stdout]     | 
[INFO] [stdout]    ::: src/builtins/functions.rs:184:18
[INFO] [stdout]     |
[INFO] [stdout] 184 |     let (_, l) = uncompound!(lc);
[INFO] [stdout]     |                  --------------- in this macro invocation
[INFO] [stdout]     |
[INFO] [stdout]     = note: this warning originates in a macro (in Nightly builds, run with -Z macro-backtrace for more info)
[INFO] [stdout] 
[INFO] [stdout] 
[INFO] [stdout] warning: use of deprecated macro `try`: use the `?` operator instead
[INFO] [stdout]    --> src/main.rs:18:5
[INFO] [stdout]     |
[INFO] [stdout] 18  |     try!(::uncons(e).ok_or_else(|| EvalErr::Type(format!("Uncons error: {}:{}:{}", file!(), line!(), column!()))))
[INFO] [stdout]     |     ^^^
[INFO] [stdout]     | 
[INFO] [stdout]    ::: src/builtins/functions.rs:184:18
[INFO] [stdout]     |
[INFO] [stdout] 184 |     let (_, l) = uncompound!(lc);
[INFO] [stdout]     |                  --------------- in this macro invocation
[INFO] [stdout]     |
[INFO] [stdout]     = note: this warning originates in a macro (in Nightly builds, run with -Z macro-backtrace for more info)
[INFO] [stdout] 
[INFO] [stdout] 
[INFO] [stdout] warning: use of deprecated macro `try`: use the `?` operator instead
[INFO] [stdout]    --> src/main.rs:18:5
[INFO] [stdout]     |
[INFO] [stdout] 18  |     try!(::uncons(e).ok_or_else(|| EvalErr::Type(format!("Uncons error: {}:{}:{}", file!(), line!(), column!()))))
[INFO] [stdout]     |     ^^^
[INFO] [stdout]     | 
[INFO] [stdout]    ::: src/builtins/functions.rs:187:26
[INFO] [stdout]     |
[INFO] [stdout] 187 |         let (key, val) = uncons!(left);
[INFO] [stdout]     |                          ------------- in this macro invocation
[INFO] [stdout]     |
[INFO] [stdout]     = note: this warning originates in a macro (in Nightly builds, run with -Z macro-backtrace for more info)
[INFO] [stdout] 
[INFO] [stdout] 
[INFO] [stdout] warning: use of deprecated macro `try`: use the `?` operator instead
[INFO] [stdout]    --> src/builtins/functions.rs:188:40
[INFO] [stdout]     |
[INFO] [stdout] 188 |         if let Value::Boolean(true) = *try!(equal_to(Value::cons(key.clone(), v.clone()))) {
[INFO] [stdout]     |                                        ^^^
[INFO] [stdout] 
[INFO] [stdout] 
[INFO] [stdout] warning: use of deprecated macro `try`: use the `?` operator instead
[INFO] [stdout]    --> src/main.rs:18:5
[INFO] [stdout]     |
[INFO] [stdout] 18  |     try!(::uncons(e).ok_or_else(|| EvalErr::Type(format!("Uncons error: {}:{}:{}", file!(), line!(), column!()))))
[INFO] [stdout]     |     ^^^
[INFO] [stdout]     | 
[INFO] [stdout]    ::: src/builtins/functions.rs:201:28
[INFO] [stdout]     |
[INFO] [stdout] 201 |             let (key, _) = uncons!(left);
[INFO] [stdout]     |                            ------------- in this macro invocation
[INFO] [stdout]     |
[INFO] [stdout]     = note: this warning originates in a macro (in Nightly builds, run with -Z macro-backtrace for more info)
[INFO] [stdout] 
[INFO] [stdout] 
[INFO] [stdout] warning: use of deprecated macro `try`: use the `?` operator instead
[INFO] [stdout]    --> src/builtins/functions.rs:203:44
[INFO] [stdout]     |
[INFO] [stdout] 203 |             if let Value::Boolean(true) = *try!(::builtins::functions::equal_to(Value::cons(key.clone(), k.clone()))) {
[INFO] [stdout]     |                                            ^^^
[INFO] [stdout] 
[INFO] [stdout] 
[INFO] [stdout] warning: the item `na` is imported redundantly
[INFO] [stdout]    --> src/render.rs:123:13
[INFO] [stdout]     |
[INFO] [stdout] 123 |         use na;
[INFO] [stdout]     |             ^^
[INFO] [stdout]     | 
[INFO] [stdout]    ::: src/main.rs:3:1
[INFO] [stdout]     |
[INFO] [stdout] 3   | extern crate nalgebra as na;
[INFO] [stdout]     | ---------------------------- the item `na` is already imported here
[INFO] [stdout]     |
[INFO] [stdout]     = note: `#[warn(unused_imports)]` on by default
[INFO] [stdout] 
[INFO] [stdout] 
[INFO] [stdout] warning: `...` range patterns are deprecated
[INFO] [stdout]    --> src/serialize.rs:457:23
[INFO] [stdout]     |
[INFO] [stdout] 457 |             Some(n@'0'...'9') => acc = acc * 10 + (n as i64 - '0' as i64),
[INFO] [stdout]     |                       ^^^ help: use `..=` for an inclusive range
[INFO] [stdout]     |
[INFO] [stdout]     = note: `#[warn(ellipsis_inclusive_range_patterns)]` on by default
[INFO] [stdout] 
[INFO] [stdout] 
[INFO] [stdout] warning: `...` range patterns are deprecated
[INFO] [stdout]    --> src/serialize.rs:494:16
[INFO] [stdout]     |
[INFO] [stdout] 494 |             'a'...'z' | 'A'...'Z' | '0'...'9' | '_' | '-' => {
[INFO] [stdout]     |                ^^^ help: use `..=` for an inclusive range
[INFO] [stdout] 
[INFO] [stdout] 
[INFO] [stdout] warning: `...` range patterns are deprecated
[INFO] [stdout]    --> src/serialize.rs:494:28
[INFO] [stdout]     |
[INFO] [stdout] 494 |             'a'...'z' | 'A'...'Z' | '0'...'9' | '_' | '-' => {
[INFO] [stdout]     |                            ^^^ help: use `..=` for an inclusive range
[INFO] [stdout] 
[INFO] [stdout] 
[INFO] [stdout] warning: `...` range patterns are deprecated
[INFO] [stdout]    --> src/serialize.rs:494:40
[INFO] [stdout]     |
[INFO] [stdout] 494 |             'a'...'z' | 'A'...'Z' | '0'...'9' | '_' | '-' => {
[INFO] [stdout]     |                                        ^^^ help: use `..=` for an inclusive range
[INFO] [stdout] 
[INFO] [stdout] 
[INFO] [stdout] warning: `...` range patterns are deprecated
[INFO] [stdout]    --> src/serialize.rs:523:12
[INFO] [stdout]     |
[INFO] [stdout] 523 |         '0'...'9' | '-' => {
[INFO] [stdout]     |            ^^^ help: use `..=` for an inclusive range
[INFO] [stdout] 
[INFO] [stdout] 
[INFO] [stdout] warning: unused import: `layout::LayoutPath::*`
[INFO] [stdout]    --> src/main.rs:249:9
[INFO] [stdout]     |
[INFO] [stdout] 249 |     use layout::LayoutPath::*;
[INFO] [stdout]     |         ^^^^^^^^^^^^^^^^^^^^^
[INFO] [stdout] 
[INFO] [stdout] 
[INFO] [stdout] warning: `...` range patterns are deprecated
[INFO] [stdout]    --> src/serialize.rs:457:23
[INFO] [stdout]     |
[INFO] [stdout] 457 |             Some(n@'0'...'9') => acc = acc * 10 + (n as i64 - '0' as i64),
[INFO] [stdout]     |                       ^^^ help: use `..=` for an inclusive range
[INFO] [stdout]     |
[INFO] [stdout]     = note: `#[warn(ellipsis_inclusive_range_patterns)]` on by default
[INFO] [stdout] 
[INFO] [stdout] 
[INFO] [stdout] warning: `...` range patterns are deprecated
[INFO] [stdout]    --> src/serialize.rs:494:16
[INFO] [stdout]     |
[INFO] [stdout] 494 |             'a'...'z' | 'A'...'Z' | '0'...'9' | '_' | '-' => {
[INFO] [stdout]     |                ^^^ help: use `..=` for an inclusive range
[INFO] [stdout] 
[INFO] [stdout] 
[INFO] [stdout] warning: `...` range patterns are deprecated
[INFO] [stdout]    --> src/serialize.rs:494:28
[INFO] [stdout]     |
[INFO] [stdout] 494 |             'a'...'z' | 'A'...'Z' | '0'...'9' | '_' | '-' => {
[INFO] [stdout]     |                            ^^^ help: use `..=` for an inclusive range
[INFO] [stdout] 
[INFO] [stdout] 
[INFO] [stdout] warning: `...` range patterns are deprecated
[INFO] [stdout]    --> src/serialize.rs:494:40
[INFO] [stdout]     |
[INFO] [stdout] 494 |             'a'...'z' | 'A'...'Z' | '0'...'9' | '_' | '-' => {
[INFO] [stdout]     |                                        ^^^ help: use `..=` for an inclusive range
[INFO] [stdout] 
[INFO] [stdout] 
[INFO] [stdout] warning: `...` range patterns are deprecated
[INFO] [stdout]    --> src/serialize.rs:523:12
[INFO] [stdout]     |
[INFO] [stdout] 523 |         '0'...'9' | '-' => {
[INFO] [stdout]     |            ^^^ help: use `..=` for an inclusive range
[INFO] [stdout] 
[INFO] [stdout] 
[INFO] [stdout] warning: unused import: `layout::LayoutPath::*`
[INFO] [stdout]    --> src/main.rs:249:9
[INFO] [stdout]     |
[INFO] [stdout] 249 |     use layout::LayoutPath::*;
[INFO] [stdout]     |         ^^^^^^^^^^^^^^^^^^^^^
[INFO] [stdout] 
[INFO] [stdout] 
[INFO] [stdout] warning: use of deprecated function `time::precise_time_ns`: Use `OffsetDateTime::now() - OffsetDateTime::unix_epoch()` to get a `Duration` since a known epoch.
[INFO] [stdout]    --> src/main.rs:647:27
[INFO] [stdout]     |
[INFO] [stdout] 647 |         let frame_start = time::precise_time_ns();
[INFO] [stdout]     |                           ^^^^^^^^^^^^^^^^^^^^^
[INFO] [stdout] 
[INFO] [stdout] 
[INFO] [stdout] warning: use of deprecated function `time::precise_time_ns`: Use `OffsetDateTime::now() - OffsetDateTime::unix_epoch()` to get a `Duration` since a known epoch.
[INFO] [stdout]     --> src/main.rs:1121:28
[INFO] [stdout]      |
[INFO] [stdout] 1121 |         let current_time = time::precise_time_ns();
[INFO] [stdout]      |                            ^^^^^^^^^^^^^^^^^^^^^
[INFO] [stdout] 
[INFO] [stdout] 
[INFO] [stdout] warning: use of deprecated constant `std::sync::ONCE_INIT`: the `new` function is now preferred
[INFO] [stdout]    --> src/main.rs:97:1
[INFO] [stdout]     |
[INFO] [stdout] 97  | / lazy_static!{static ref FONT: Font<'static> = {
[INFO] [stdout] 98  | |     use std::io::Read;
[INFO] [stdout] 99  | |     let mut font_file = std::fs::File::open("Arial Unicode.ttf").unwrap();
[INFO] [stdout] 100 | |     let mut font_data = Vec::new();
[INFO] [stdout] ...   |
[INFO] [stdout] 104 | |     // RefCell::new(Font::)
[INFO] [stdout] 105 | | };}
[INFO] [stdout]     | |___^
[INFO] [stdout]     |
[INFO] [stdout]     = note: this warning originates in a macro (in Nightly builds, run with -Z macro-backtrace for more info)
[INFO] [stdout] 
[INFO] [stdout] 
[INFO] [stdout] warning: use of deprecated function `time::precise_time_ns`: Use `OffsetDateTime::now() - OffsetDateTime::unix_epoch()` to get a `Duration` since a known epoch.
[INFO] [stdout]    --> src/main.rs:647:27
[INFO] [stdout]     |
[INFO] [stdout] 647 |         let frame_start = time::precise_time_ns();
[INFO] [stdout]     |                           ^^^^^^^^^^^^^^^^^^^^^
[INFO] [stdout] 
[INFO] [stdout] 
[INFO] [stdout] warning: use of deprecated function `time::precise_time_ns`: Use `OffsetDateTime::now() - OffsetDateTime::unix_epoch()` to get a `Duration` since a known epoch.
[INFO] [stdout]     --> src/main.rs:1121:28
[INFO] [stdout]      |
[INFO] [stdout] 1121 |         let current_time = time::precise_time_ns();
[INFO] [stdout]      |                            ^^^^^^^^^^^^^^^^^^^^^
[INFO] [stdout] 
[INFO] [stdout] 
[INFO] [stdout] warning: use of deprecated constant `std::sync::ONCE_INIT`: the `new` function is now preferred
[INFO] [stdout]    --> src/main.rs:97:1
[INFO] [stdout]     |
[INFO] [stdout] 97  | / lazy_static!{static ref FONT: Font<'static> = {
[INFO] [stdout] 98  | |     use std::io::Read;
[INFO] [stdout] 99  | |     let mut font_file = std::fs::File::open("Arial Unicode.ttf").unwrap();
[INFO] [stdout] 100 | |     let mut font_data = Vec::new();
[INFO] [stdout] ...   |
[INFO] [stdout] 104 | |     // RefCell::new(Font::)
[INFO] [stdout] 105 | | };}
[INFO] [stdout]     | |___^
[INFO] [stdout]     |
[INFO] [stdout]     = note: this warning originates in a macro (in Nightly builds, run with -Z macro-backtrace for more info)
[INFO] [stdout] 
[INFO] [stdout] 
[INFO] [stdout] error[E0599]: no method named `inverse` found for struct `Matrix<f32, U4, U4, ArrayStorage<f32, U4, U4>>` in the current scope
[INFO] [stdout]    --> src/main.rs:523:17
[INFO] [stdout]     |
[INFO] [stdout] 523 |     world_to_gl.inverse().unwrap() * window_to_gl
[INFO] [stdout]     |                 ^^^^^^^ method not found in `Matrix<f32, U4, U4, ArrayStorage<f32, U4, U4>>`
[INFO] [stdout] 
[INFO] [stdout] 
[INFO] [stdout] error[E0599]: no method named `inverse` found for struct `Matrix<f32, U4, U4, ArrayStorage<f32, U4, U4>>` in the current scope
[INFO] [stdout]    --> src/main.rs:523:17
[INFO] [stdout]     |
[INFO] [stdout] 523 |     world_to_gl.inverse().unwrap() * window_to_gl
[INFO] [stdout]     |                 ^^^^^^^ method not found in `Matrix<f32, U4, U4, ArrayStorage<f32, U4, U4>>`
[INFO] [stdout] 
[INFO] [stdout] 
[INFO] [stdout] error[E0308]: mismatched types
[INFO] [stdout]   --> src/render.rs:31:53
[INFO] [stdout]    |
[INFO] [stdout] 31 |     glium::texture::RawImage2d::from_raw_rgba_reversed(i.into_raw(), d)
[INFO] [stdout]    |                                                        ^^^^^^^^^^^^
[INFO] [stdout]    |                                                        |
[INFO] [stdout]    |                                                        expected `&[u8]`, found struct `Vec`
[INFO] [stdout]    |                                                        help: consider borrowing here: `&i.into_raw()`
[INFO] [stdout]    |
[INFO] [stdout]    = note: expected reference `&[u8]`
[INFO] [stdout]                  found struct `Vec<u8>`
[INFO] [stdout] 
[INFO] [stdout] 
[INFO] [stdout] error[E0308]: mismatched types
[INFO] [stdout]   --> src/render.rs:31:53
[INFO] [stdout]    |
[INFO] [stdout] 31 |     glium::texture::RawImage2d::from_raw_rgba_reversed(i.into_raw(), d)
[INFO] [stdout]    |                                                        ^^^^^^^^^^^^
[INFO] [stdout]    |                                                        |
[INFO] [stdout]    |                                                        expected `&[u8]`, found struct `Vec`
[INFO] [stdout]    |                                                        help: consider borrowing here: `&i.into_raw()`
[INFO] [stdout]    |
[INFO] [stdout]    = note: expected reference `&[u8]`
[INFO] [stdout]                  found struct `Vec<u8>`
[INFO] [stdout] 
[INFO] [stdout] 
[INFO] [stdout] warning: unused import: `glium::Surface`
[INFO] [stdout]    --> src/main.rs:553:9
[INFO] [stdout]     |
[INFO] [stdout] 553 |     use glium::Surface;
[INFO] [stdout]     |         ^^^^^^^^^^^^^^
[INFO] [stdout] 
[INFO] [stdout] 
[INFO] [stdout] warning: unused import: `glium::backend::Facade`
[INFO] [stdout]    --> src/main.rs:554:9
[INFO] [stdout]     |
[INFO] [stdout] 554 |     use glium::backend::Facade;
[INFO] [stdout]     |         ^^^^^^^^^^^^^^^^^^^^^^
[INFO] [stdout] 
[INFO] [stdout] 
[INFO] [stdout] error: aborting due to 43 previous errors; 63 warnings emitted
[INFO] [stdout] 
[INFO] [stdout] 
[INFO] [stdout] Some errors have detailed explanations: E0308, E0432, E0433, E0599.
[INFO] [stdout] 
[INFO] [stdout] For more information about an error, try `rustc --explain E0308`.
[INFO] [stdout] 
[INFO] [stderr] error: could not compile `ds`.
[INFO] [stderr] 
[INFO] [stderr] To learn more, run the command again with --verbose.
[INFO] [stderr] warning: build failed, waiting for other jobs to finish...
[INFO] [stdout] warning: unused import: `glium::Surface`
[INFO] [stdout]    --> src/main.rs:553:9
[INFO] [stdout]     |
[INFO] [stdout] 553 |     use glium::Surface;
[INFO] [stdout]     |         ^^^^^^^^^^^^^^
[INFO] [stdout] 
[INFO] [stdout] 
[INFO] [stdout] warning: unused import: `glium::backend::Facade`
[INFO] [stdout]    --> src/main.rs:554:9
[INFO] [stdout]     |
[INFO] [stdout] 554 |     use glium::backend::Facade;
[INFO] [stdout]     |         ^^^^^^^^^^^^^^^^^^^^^^
[INFO] [stdout] 
[INFO] [stdout] 
[INFO] [stdout] error: aborting due to 43 previous errors; 63 warnings emitted
[INFO] [stdout] 
[INFO] [stdout] 
[INFO] [stdout] Some errors have detailed explanations: E0308, E0432, E0433, E0599.
[INFO] [stdout] 
[INFO] [stdout] For more information about an error, try `rustc --explain E0308`.
[INFO] [stdout] 
[INFO] [stderr] error: build failed
[INFO] running `Command { std: "docker" "inspect" "86ab9cc6a6777e42c197478d79c22c585e2060bdb7eb0ebba426ee9a7be2703d", kill_on_drop: false }`
[INFO] running `Command { std: "docker" "rm" "-f" "86ab9cc6a6777e42c197478d79c22c585e2060bdb7eb0ebba426ee9a7be2703d", kill_on_drop: false }`
[INFO] [stdout] 86ab9cc6a6777e42c197478d79c22c585e2060bdb7eb0ebba426ee9a7be2703d
